{"id":826,"date":"2014-05-10T04:39:59","date_gmt":"2014-05-10T04:39:59","guid":{"rendered":"http:\/\/alltimefics.com\/adote\/?page_id=826"},"modified":"2024-07-26T23:30:08","modified_gmt":"2024-07-27T02:30:08","slug":"ideias-051-a-060","status":"publish","type":"page","link":"https:\/\/espacocriativo.net\/adote\/disponiveis\/ideias-051-a-060\/","title":{"rendered":"Ideias \u00bb #051 a #060"},"content":{"rendered":"<p style=\"text-align: center;\">Antes de adotar, confira as <a href=\"http:\/\/espacocriativo.net\/adote\/?page_id=609\">regras do jogo<\/a>.<\/p>\n<p style=\"text-align: center;\"><a href=\"#51\">#051<\/a> | <a href=\"#52\">#052<\/a> | <a href=\"#56\">#056<\/a> | <a href=\"#58\">#058<\/a> | <a href=\"#59\">#059<\/a> | <a href=\"#60\">#060<\/a><\/p>\n<hr \/>\n<h2 align=\"center\">Ideia #051<\/h2>\n<p><a name=\"51\"><\/a><strong>Doada por <i>Any Buss<\/i>.<\/strong><br \/>\n<strong>Resumo:<\/strong> A personagem principal sofre por falta de dinheiro e pela sempre reclama\u00e7\u00e3o que seus pais tem pra falar de si. Ent\u00e3o ela, cansada do modo como vivia, decide procurar algum emprego. Em alguma lojinha de algum velho novo na cidade. Nem todo mundo vai com a cara dele, porque ele \u00e9 novo em uma cidade pequena, e ningu\u00e9m sabe sobre sua vida. Por\u00e9m ela acaba trabalhando pra ele, e acabam tendo v\u00e1rios momentos, acabam tendo uma grande amizade, pois ele tem muito o que ensinar de suas experiencias de vida. O que ela n\u00e3o sabia \u00e9 que o velho era bilion\u00e1rio e que estava procurando algu\u00e9m para deixar a heran\u00e7a. Ele fica doente e adoece. A\u00ed ela descobre que ficou rica com o dinheiro que ele deixou. Decide ir embora, e nem se importa com os pais (que nunca lhe deram valor e sempre lhe maltratavam quando crian\u00e7a) e come\u00e7a a viver uma nova vida em algum lugar maravilhoso. Conhece o guy e tem toda aquela coisa de romance. Por\u00e9m o guy foi contratado por um suposto filho do velho (outro guy) pra tentar ficar com toda a grana que agora \u00e9 dela.<br \/>\n<strong>Fandom:<\/strong> Outros \/ Original<br \/>\n<strong>G\u00eanero:<\/strong> &#8212;<br \/>\n<strong>Sugest\u00f5es:<\/strong> &#8212;<br \/>\n<strong>Contato:<\/strong> <a href=\"mailto:anykbuss@gmail.com\">E-mail<\/a><br \/>\n<strong>Nota:<\/strong> &#8212;<\/p>\n<p style=\"text-align: center;\"><strong>Para adotar, complete o formul\u00e1rio a seguir: <a href=\"https:\/\/espacocriativo.net\/adote\/?page_id=594\">Link<\/a><\/strong><\/p>\n<hr \/>\n<h2 align=\"center\">Ideia #052<\/h2>\n<p><a name=\"52\"><\/a><strong>Doada por <i>Giovanna<\/i>.<\/strong><br \/>\n<strong>Resumo:<\/strong> Voc\u00ea e duas amigas suas foram sequestradas h\u00e1 um tempo. S\u00f3 voc\u00ea sobreviveu. Alguns anos depois, sua fam\u00edlia morre de um modo parecido, supostamente pelo mesmo cara. Agora, a vingan\u00e7a te cega e vence todo seu medo. Voc\u00ea quer que ele pague e sai \u00e0 ca\u00e7a dele pelo pa\u00eds com um amigo.<br \/>\nDe algum modo, no final voc\u00ea acaba se apaixonando por esse amigo, s\u00f3 tem um problema: voc\u00ea descobre que ele \u00e9 o assassino.<br \/>\n<strong>Fandom:<\/strong> Livre<br \/>\n<strong>G\u00eanero:<\/strong> Darkfic<br \/>\n<strong>Sugest\u00f5es:<\/strong> &#8212;<br \/>\n<strong>Contato:<\/strong> <a href=\"mailto:giovanna_floribela@hotmail.com\">E-mail<\/a><br \/>\n<strong>Nota:<\/strong> &#8212;<\/p>\n<p style=\"text-align: center;\"><strong>Para adotar, complete o formul\u00e1rio a seguir: <a href=\"https:\/\/espacocriativo.net\/adote\/?page_id=594\">Link<\/a><\/strong><\/p>\n<hr \/>\n<h2 align=\"center\">Ideia #056<\/h2>\n<p><a name=\"56\"><\/a><strong>Doada por <a href=\"malito:mary_lupi_rbd@hotmail.com\">Mari Rotelli<\/a>.<\/strong><br \/>\n<strong>Resumo:<\/strong> Como seria ser a \u00fanica garota da banda mais famosa do momento? Como seria conviver 24 hrs por dia com eles? E namorar um deles, como seria?<br \/>\nUma garota de 16 anos, brasileira, que mora em Londres desde os 14 anos (sua familia se muda juntamente com a familia das suas duas melhores amigas, j\u00e1 que os seus pais s\u00e3o melhores amigos dos delas), essa garota decide se inscrever no The X Factor, e a partir dai sua vida come\u00e7a a mudar. Depois de ser eliminada, Simon, decide montar uma banda com ela e mais 5 meninos.No come\u00e7o ela fica indecisa de aceitar entrar na banda ou n\u00e3o, ela tem medo da fama subir a cabe\u00e7a , se perder e coisas do tipo, mas depois com ajuda dos meninos toma a decis\u00e3o de entrar. A fic dever\u00e1 mostrar o dia-a-dia deles, os shows, entrevistas, viagens juntos e coisas do tipo. Os seis dever\u00e3o morar juntos, a garota deve namorar com o Harry, umas das amigas dela fica com o Niall e a outra com o Zayn.<br \/>\n<strong>Fandom:<\/strong> One Direction<br \/>\n<strong>G\u00eanero:<\/strong> Com\u00e9dia Rom\u00e2ntica<br \/>\n<strong>Sugest\u00f5es:<\/strong> O casal principal (a garota e o Harry) se apaixonam a primeira vista, mas n\u00e3o ficam juntos desde o come\u00e7o. Harry tem v\u00e1rios relacionamentos, inclusive com uma das juradas do programa. Zayn ser\u00e1 o melhor amigo dela. Assim que Simon decide montar a banda manda os seis, mais as amigas da principal para ficarem 1 semana em uma casa na praia, para segundo ele, se conhecerem melhor.<br \/>\n<strong>Contato:<\/strong> <a href=\"mailto:mary_lupi_rbd@hotmail.com\">E-mail<\/a> | <a href=\"https:\/\/twitter.com\/marirotelli\" target=\"_blank\" rel=\"noopener noreferrer\">Twitter<\/a><br \/>\n<strong>Nota:<\/strong> Dever\u00e1 ser uma longfic! Eu sei que ficou bem confuso isso, mas relevem hahaha! Qualquer coisa fale comigo, irei adorar ajudar, e acompanhar tudo! haha<\/p>\n<p style=\"text-align: center;\"><strong>Para adotar, complete o formul\u00e1rio a seguir: <a href=\"https:\/\/espacocriativo.net\/adote\/?page_id=594\">Link<\/a><\/strong><\/p>\n<hr \/>\n<h2 align=\"center\">Ideia #058<\/h2>\n<p><a name=\"58\"><\/a><strong>Doada por <i>Marizeta<\/i>.<\/strong><br \/>\n<strong>Resumo:<\/strong> Voc\u00ea \u00e9 a garota estudiosa (n\u00e3o t\u00e3oo nerd assim), educada, e vive na sua na faculdade, at\u00e9 que BAM! Voc\u00ea passa muito mal e quem te acode \u00e9 aquele professor que voc\u00ea n\u00e3o vai com a cara e se acha o m\u00e1ximo. Voc\u00ea est\u00e1 gr\u00e1vida. Mas voc\u00ea \u00e9 pura. Quase ningu\u00e9m acredita em voc\u00ea, muito menos ele! At\u00e9 que ele v\u00ea o seu desespero e come\u00e7a a se envolver com a hist\u00f3ria.<br \/>\n<strong>Fandom:<\/strong> McFly \/ Cine \/ Outros \/ Original<br \/>\n<strong>G\u00eanero:<\/strong> Romance \/ Suspense \/ Sobrenatural<br \/>\n<strong>Sugest\u00f5es:<\/strong> &#8212;<br \/>\n<strong>Contato:<\/strong> <a href=\"mailto:marygpi@yahoo.com.br\">E-mail<\/a><br \/>\n<strong>Nota:<\/strong> Uma hist\u00f3ria um tanto quanto complexa, mas pra ser levada pro lado rom\u00e2ntico&#8230; N\u00e3o t\u00e3o meloso&#8230; A personagem est\u00e1 em seus 20 anos e tem ju\u00edzo. Nada de cenas calientes, palavr\u00f5es podem ser usados, mas nunca pela boca da principal.<\/p>\n<p style=\"text-align: center;\"><strong>Para adotar, complete o formul\u00e1rio a seguir: <a href=\"https:\/\/espacocriativo.net\/adote\/?page_id=594\">Link<\/a><\/strong><\/p>\n<hr \/>\n<h2 align=\"center\">Ideia #059<\/h2>\n<p><a name=\"59\"><\/a><strong>Doada por <a href=\"https:\/\/twitter.com\/Vivian_Marconi\" target=\"_blank\" rel=\"noopener noreferrer\">Vivian<\/a>.<\/strong><br \/>\n<strong>Resumo:<\/strong> Ele \u00e9 ingles e ela brasileira, se encontraram em um caf\u00e9 em Paris onde est\u00e3o visitando&#8230;<br \/>\nEles viram muito amigos e entram no mundo um do outro, que s\u00e3o totalmente diferentes: A arquitetura e m\u00fasica.<br \/>\n<strong>Fandom:<\/strong> McFly<br \/>\n<strong>G\u00eanero:<\/strong> Romance<br \/>\n<strong>Sugest\u00f5es:<\/strong> Ela mora na Europa. Estuda e trabalha em um dos melhores escrit\u00f3rios de arquitetura do mundo.<br \/>\n<strong>Contato:<\/strong> <a href=\"mailto:vivi.mc@hotmail.es\">E-mail<\/a> | <a href=\"https:\/\/twitter.com\/Vivian_Marconi\" target=\"_blank\" rel=\"noopener noreferrer\">Twitter<\/a><br \/>\n<strong>Nota:<\/strong> &#8212;<\/p>\n<p style=\"text-align: center;\"><strong>Para adotar, complete o formul\u00e1rio a seguir: <a href=\"https:\/\/espacocriativo.net\/adote\/?page_id=594\">Link<\/a><\/strong><\/p>\n<hr \/>\n<h2 align=\"center\">Ideia #060<\/h2>\n<p><a name=\"60\"><\/a><strong>Doada por <a href=\"https:\/\/twitter.com\/garotadoharry\" target=\"_blank\" rel=\"noopener noreferrer\">Rebeca Tavares<\/a>.<\/strong><br \/>\n<strong>Resumo:<\/strong> Um grupo de amigos todos os meninos Skatistas v\u00e3o atr\u00e1s do grande sonho. A regra deles \u00e9 nunca se envolver com nenhuma garota, pois s\u00f3 dar\u00e3o trabalho para eles e os desconcentrar\u00e3o. Atr\u00e1s de um patrocinador para virarem profissional, eles atravessam o Pais dos Estados Unidos acompanhando um festival de Skatistas onde o maior patrocinador est\u00e1 julgando, mas nunca conseguem participar, pois s\u00f3 participam quem tem pelo menos um patrocinador e eles n\u00e3o t\u00eam. Na primeira cidade que eles passam, o principal se apaixona, mas ele nunca quer admitir isso, por\u00e9m n\u00e3o pode deixa-la e partir, arranja um motivo para que ela v\u00e1 com eles. Os outros s\u00e3o todos cheios de gracinha pra cima dela e ela sempre os ignora, chegam a achar que ela \u00e9 louca por isso, porque quem em s\u00e3 consci\u00eancia ignora eles? Vivem muita confus\u00e3o at\u00e9 conseguir o que querem.<br \/>\n<strong>Fandom:<\/strong> One Direction \/ Outros \/ Original<br \/>\n<strong>G\u00eanero:<\/strong> Com\u00e9dia \/ Romance<br \/>\n<strong>Sugest\u00f5es:<\/strong> &#8212;<br \/>\n<strong>Contato:<\/strong> <a href=\"mailto:rebeca_tavares@live.com\">E-mail<\/a> | <a href=\"https:\/\/twitter.com\/garotadoharry\" target=\"_blank\" rel=\"noopener noreferrer\">Twitter<\/a><br \/>\n<strong>Nota:<\/strong> Eu tive a ideia na inten\u00e7\u00e3o de fazer com o One Direction, mas voc\u00ea pode ficar a vontade para escolher. Espero que se dedique totalmente a esta ideia e n\u00e3o desista, me informe o que achou e se adotou diga o que far\u00e1. \u00c9 isso, obrigado e bom aproveito (:<\/p>\n<p style=\"text-align: center;\"><strong>Para adotar, complete o formul\u00e1rio a seguir: <a href=\"https:\/\/espacocriativo.net\/adote\/?page_id=594\">Link<\/a><\/strong><\/p>\n","protected":false},"excerpt":{"rendered":"<p>Antes de adotar, confira as regras do jogo. #051 | #052 | #056 | #058 | #059 | #060 Ideia [&hellip;]<\/p>\n","protected":false},"author":2,"featured_media":0,"parent":606,"menu_order":0,"comment_status":"closed","ping_status":"closed","template":"iframe.php","meta":{"_acf_changed":false,"footnotes":""},"class_list":["post-826","page","type-page","status-publish","hentry"],"acf":[],"_links":{"self":[{"href":"https:\/\/espacocriativo.net\/adote\/wp-json\/wp\/v2\/pages\/826","targetHints":{"allow":["GET"]}}],"collection":[{"href":"https:\/\/espacocriativo.net\/adote\/wp-json\/wp\/v2\/pages"}],"about":[{"href":"https:\/\/espacocriativo.net\/adote\/wp-json\/wp\/v2\/types\/page"}],"author":[{"embeddable":true,"href":"https:\/\/espacocriativo.net\/adote\/wp-json\/wp\/v2\/users\/2"}],"replies":[{"embeddable":true,"href":"https:\/\/espacocriativo.net\/adote\/wp-json\/wp\/v2\/comments?post=826"}],"version-history":[{"count":1,"href":"https:\/\/espacocriativo.net\/adote\/wp-json\/wp\/v2\/pages\/826\/revisions"}],"predecessor-version":[{"id":8015,"href":"https:\/\/espacocriativo.net\/adote\/wp-json\/wp\/v2\/pages\/826\/revisions\/8015"}],"up":[{"embeddable":true,"href":"https:\/\/espacocriativo.net\/adote\/wp-json\/wp\/v2\/pages\/606"}],"wp:attachment":[{"href":"https:\/\/espacocriativo.net\/adote\/wp-json\/wp\/v2\/media?parent=826"}],"curies":[{"name":"wp","href":"https:\/\/api.w.org\/{rel}","templated":true}]}}