{"id":5882,"date":"2022-03-04T13:22:06","date_gmt":"2022-03-04T13:22:06","guid":{"rendered":"https:\/\/espacocriativo.net\/adote\/?page_id=5882"},"modified":"2026-04-06T16:08:41","modified_gmt":"2026-04-06T19:08:41","slug":"temporada-013","status":"publish","type":"page","link":"https:\/\/espacocriativo.net\/adote\/songfics\/musicas-indisponiveis\/temporada-013\/","title":{"rendered":"Temporada #013"},"content":{"rendered":"\n<h2 class=\"wp-block-heading has-text-align-center\">Ideia #001<\/h2>\n\n\n\n<p><strong>Enviada por&nbsp;<a href=\"mailto:vocationdream@gmail.com\">Bea Menezes<\/a>.<\/strong><br><strong>M\u00fasica:<\/strong>&nbsp;<a rel=\"noreferrer noopener\" href=\"https:\/\/youtu.be\/GPnkT1DRZS4\" target=\"_blank\">Feelings \u2013 Hayley Kiyoko<\/a><br><strong>Fandom \/ G\u00eanero \/ Classifica\u00e7\u00e3o:<\/strong>&nbsp;Livre<\/p>\n\n\n\n<h3 class=\"wp-block-heading has-text-align-center\"><strong>Esta ideia j\u00e1 foi reservada!<\/strong><\/h3>\n\n\n\n<ul class=\"wp-block-list\">\n<li><strong>Nome:<\/strong>\u00a0Liv<\/li>\n\n\n\n<li><strong>Contato:<\/strong>\u00a0<a href=\"mailto:livfernandes4@gmail.com\">E-mail<\/a><\/li>\n\n\n\n<li><strong>Em produ\u00e7\u00e3o.<\/strong><\/li>\n<\/ul>\n\n\n\n<hr class=\"wp-block-separator has-alpha-channel-opacity\"\/>\n\n\n\n<h2 class=\"wp-block-heading has-text-align-center\">Ideia #002<\/h2>\n\n\n<div class=\"wp-block-image\">\n<figure class=\"aligncenter size-large\"><img decoding=\"async\" src=\"https:\/\/espacocriativo.net\/adote\/wp-content\/uploads\/2023\/08\/OK-Oh-Teacher-1024x279.jpg\" alt=\"\" class=\"wp-image-7255\"\/><\/figure>\n<\/div>\n\n\n<p><strong>Enviada por&nbsp;<\/strong><a href=\"mailto:bruna.lobato.14@gmail.com\">Queen B.<\/a><strong>.<\/strong><br><strong>M\u00fasica:<\/strong>&nbsp;<a href=\"https:\/\/www.youtube.com\/watch?v=SXGThmowMPg\" target=\"_blank\" rel=\"noreferrer noopener\">Ain\u2019t My Fault \u2013 Zara Larsson<\/a><br><strong>Fandom \/ G\u00eanero \/ Classifica\u00e7\u00e3o:<\/strong>&nbsp;Livre<\/p>\n\n\n\n<h3 class=\"wp-block-heading has-text-align-center\"><strong>Esta ideia j\u00e1 foi reservada!<\/strong><\/h3>\n\n\n\n<ul class=\"wp-block-list\">\n<li><strong>Nome:<\/strong>&nbsp;Jubs<\/li>\n\n\n\n<li><strong>Contato:<\/strong>&nbsp;<a href=\"mailto:juliacastro956@gmail.com\">E-mail<\/a><\/li>\n\n\n\n<li><strong>Leia:<\/strong> <a rel=\"noreferrer noopener\" href=\"https:\/\/www.espacocriativo.net\/web\/o\/ohteacher\" target=\"_blank\">Oh, Teacher<\/a> <em>{Original, Restrita, Finalizada}<\/em><\/li>\n<\/ul>\n\n\n\n<hr class=\"wp-block-separator has-alpha-channel-opacity\"\/>\n\n\n\n<h2 class=\"wp-block-heading has-text-align-center\">Ideia #003<\/h2>\n\n\n<div class=\"wp-block-image\">\n<figure class=\"aligncenter size-large\"><img decoding=\"async\" src=\"https:\/\/espacocriativo.net\/adote\/wp-content\/uploads\/2023\/08\/OK-Paths-To-You-1024x279.png\" alt=\"\" class=\"wp-image-7256\"\/><\/figure>\n<\/div>\n\n\n<p><strong>Enviada por&nbsp;<a href=\"mailto:pamsarantes@gmail.com\">Pams<\/a>.<\/strong><br><strong>M\u00fasica:<\/strong>&nbsp;<a rel=\"noreferrer noopener\" href=\"https:\/\/m.youtube.com\/watch?v=w2HktNeb5cg\" target=\"_blank\">I love you \u2013 Billie Eilish<\/a><br><strong>Fandom \/ G\u00eanero \/ Classifica\u00e7\u00e3o:<\/strong>&nbsp;Livre<\/p>\n\n\n\n<h3 class=\"wp-block-heading has-text-align-center\"><strong>Esta ideia j\u00e1 foi reservada!<\/strong><\/h3>\n\n\n\n<ul class=\"wp-block-list\">\n<li><strong>Nome:<\/strong>&nbsp;Lelen<\/li>\n\n\n\n<li><strong>Contato:<\/strong>&nbsp;<a href=\"mailto:lelenzets@gmail.com\">E-mail<\/a> | <a href=\"https:\/\/twitter.com\/justnarcisism\">Twitter<\/a><\/li>\n\n\n\n<li><strong>Leia:<\/strong> <a rel=\"noreferrer noopener\" href=\"https:\/\/www.espacocriativo.net\/web\/p\/pathstoyou\" target=\"_blank\">Paths To You<\/a> <em>{BTS, Finalizada}<\/em><\/li>\n<\/ul>\n\n\n\n<hr class=\"wp-block-separator has-alpha-channel-opacity\"\/>\n\n\n\n<h2 class=\"wp-block-heading has-text-align-center\">Ideia #004<\/h2>\n\n\n\n<p><strong>Enviada por&nbsp;<a href=\"mailto:livfernandes4@gmail.com\">Liv<\/a>.<\/strong><br><strong>M\u00fasica:<\/strong>&nbsp;<a href=\"https:\/\/youtu.be\/RBV3YFf76ow\" target=\"_blank\" rel=\"noreferrer noopener\">Walls Could Talk \u2013 Halsey<\/a><br><strong>Fandom \/ G\u00eanero \/ Classifica\u00e7\u00e3o:<\/strong>&nbsp;Livre<\/p>\n\n\n\n<h3 class=\"wp-block-heading has-text-align-center\"><strong>Esta ideia j\u00e1 foi reservada!<\/strong><\/h3>\n\n\n\n<ul class=\"wp-block-list\">\n<li><strong>Nome:<\/strong>&nbsp;Aven Lore<\/li>\n\n\n\n<li><strong>Contato:<\/strong>&nbsp;<a href=\"mailto:laven2677@gmail.com\" target=\"_blank\" rel=\"noreferrer noopener\">E-mail<\/a> | <a href=\"https:\/\/instagram.com\/avenl_ore\" target=\"_blank\" rel=\"noreferrer noopener\">Instagram<\/a><\/li>\n\n\n\n<li><strong>Leia:<\/strong> <a href=\"https:\/\/espacocriativo.net\/web\/w\/wallscouldtalk\" target=\"_blank\" rel=\"noreferrer noopener\">Walls Could Talk<\/a><em> {K-Pop, NCT 127, Restrita, Finalizada}<\/em><\/li>\n<\/ul>\n\n\n\n<hr class=\"wp-block-separator has-alpha-channel-opacity\"\/>\n\n\n\n<h2 class=\"wp-block-heading has-text-align-center\">Ideia #005<\/h2>\n\n\n\n<p><strong>Enviada por&nbsp;<a href=\"mailto:rak_sango@hotmail.com\">Raquel\/RakBlack<\/a>.<\/strong><br><strong>M\u00fasica:<\/strong>&nbsp;<a rel=\"noreferrer noopener\" href=\"https:\/\/espacocriativo.net\/adote\/?page_id=3928\" target=\"_blank\">Like a Gentleman \u2013 UNINE<\/a><br><strong>Fandom \/ G\u00eanero \/ Classifica\u00e7\u00e3o:<\/strong>&nbsp;Livre<\/p>\n\n\n\n<h3 class=\"wp-block-heading has-text-align-center\"><strong>Esta ideia j\u00e1 foi reservada!<\/strong><\/h3>\n\n\n\n<ul class=\"wp-block-list\">\n<li><strong>Nome:<\/strong>&nbsp;P\u00e2ms<\/li>\n\n\n\n<li><strong>Contato:<\/strong>&nbsp;<a href=\"mailto:pm2.fics@gmail.com\">E-mail<\/a> | <a href=\"https:\/\/twitter.com\/meguerine\">Twitter<\/a><\/li>\n\n\n\n<li><strong>Leia:<\/strong> <a rel=\"noreferrer noopener\" href=\"https:\/\/espacocriativo.net\/fictions\/interativas-finalizada\/original-finalizada\/\" target=\"_blank\">Black Clouds<\/a>&nbsp;<em>{Original, Finalizada}<\/em><\/li>\n<\/ul>\n","protected":false},"excerpt":{"rendered":"<p>Ideia #001 Enviada por&nbsp;Bea Menezes.M\u00fasica:&nbsp;Feelings \u2013 Hayley KiyokoFandom \/ G\u00eanero \/ Classifica\u00e7\u00e3o:&nbsp;Livre Esta ideia j\u00e1 foi reservada! Ideia #002 Enviada [&hellip;]<\/p>\n","protected":false},"author":1,"featured_media":0,"parent":3931,"menu_order":0,"comment_status":"closed","ping_status":"closed","template":"iframe.php","meta":{"_acf_changed":false,"footnotes":""},"class_list":["post-5882","page","type-page","status-publish","hentry"],"acf":[],"_links":{"self":[{"href":"https:\/\/espacocriativo.net\/adote\/wp-json\/wp\/v2\/pages\/5882","targetHints":{"allow":["GET"]}}],"collection":[{"href":"https:\/\/espacocriativo.net\/adote\/wp-json\/wp\/v2\/pages"}],"about":[{"href":"https:\/\/espacocriativo.net\/adote\/wp-json\/wp\/v2\/types\/page"}],"author":[{"embeddable":true,"href":"https:\/\/espacocriativo.net\/adote\/wp-json\/wp\/v2\/users\/1"}],"replies":[{"embeddable":true,"href":"https:\/\/espacocriativo.net\/adote\/wp-json\/wp\/v2\/comments?post=5882"}],"version-history":[{"count":5,"href":"https:\/\/espacocriativo.net\/adote\/wp-json\/wp\/v2\/pages\/5882\/revisions"}],"predecessor-version":[{"id":8543,"href":"https:\/\/espacocriativo.net\/adote\/wp-json\/wp\/v2\/pages\/5882\/revisions\/8543"}],"up":[{"embeddable":true,"href":"https:\/\/espacocriativo.net\/adote\/wp-json\/wp\/v2\/pages\/3931"}],"wp:attachment":[{"href":"https:\/\/espacocriativo.net\/adote\/wp-json\/wp\/v2\/media?parent=5882"}],"curies":[{"name":"wp","href":"https:\/\/api.w.org\/{rel}","templated":true}]}}