{"id":5831,"date":"2022-03-04T12:06:08","date_gmt":"2022-03-04T12:06:08","guid":{"rendered":"https:\/\/espacocriativo.net\/adote\/?page_id=5831"},"modified":"2026-01-23T15:16:38","modified_gmt":"2026-01-23T18:16:38","slug":"temporada-011","status":"publish","type":"page","link":"https:\/\/espacocriativo.net\/adote\/songfics\/songfics-musicas-disponiveis\/temporada-011\/","title":{"rendered":"Temporada #011"},"content":{"rendered":"\n<p class=\"has-text-align-center\">Todas as m\u00fasicas desta temporada t\u00eam hist\u00f3ria!<\/p>\n","protected":false},"excerpt":{"rendered":"<p>Todas as m\u00fasicas desta temporada t\u00eam hist\u00f3ria!<\/p>\n","protected":false},"author":1,"featured_media":0,"parent":3928,"menu_order":0,"comment_status":"closed","ping_status":"closed","template":"iframe.php","meta":{"_acf_changed":false,"footnotes":""},"class_list":["post-5831","page","type-page","status-publish","hentry"],"acf":[],"_links":{"self":[{"href":"https:\/\/espacocriativo.net\/adote\/wp-json\/wp\/v2\/pages\/5831","targetHints":{"allow":["GET"]}}],"collection":[{"href":"https:\/\/espacocriativo.net\/adote\/wp-json\/wp\/v2\/pages"}],"about":[{"href":"https:\/\/espacocriativo.net\/adote\/wp-json\/wp\/v2\/types\/page"}],"author":[{"embeddable":true,"href":"https:\/\/espacocriativo.net\/adote\/wp-json\/wp\/v2\/users\/1"}],"replies":[{"embeddable":true,"href":"https:\/\/espacocriativo.net\/adote\/wp-json\/wp\/v2\/comments?post=5831"}],"version-history":[{"count":2,"href":"https:\/\/espacocriativo.net\/adote\/wp-json\/wp\/v2\/pages\/5831\/revisions"}],"predecessor-version":[{"id":8510,"href":"https:\/\/espacocriativo.net\/adote\/wp-json\/wp\/v2\/pages\/5831\/revisions\/8510"}],"up":[{"embeddable":true,"href":"https:\/\/espacocriativo.net\/adote\/wp-json\/wp\/v2\/pages\/3928"}],"wp:attachment":[{"href":"https:\/\/espacocriativo.net\/adote\/wp-json\/wp\/v2\/media?parent=5831"}],"curies":[{"name":"wp","href":"https:\/\/api.w.org\/{rel}","templated":true}]}}