{"id":5749,"date":"2022-03-01T13:16:22","date_gmt":"2022-03-01T13:16:22","guid":{"rendered":"https:\/\/espacocriativo.net\/adote\/?page_id=5749"},"modified":"2023-09-12T12:55:09","modified_gmt":"2023-09-12T15:55:09","slug":"letra-n","status":"publish","type":"page","link":"https:\/\/espacocriativo.net\/adote\/autores\/letra-n\/","title":{"rendered":"Letra N"},"content":{"rendered":"<p><strong>Nome:<\/strong> Natashia Kitamura<br \/>\n<strong>Portf\u00f3lio:<\/strong> <a href=\"https:\/\/espacocriativo.net\/autor\/n\/natashiakitamura\" target=\"_blank\" rel=\"noopener\">Lista de hist\u00f3rias<\/a><br \/>\n<strong>Fandom:<\/strong> Livre<br \/>\n<strong>G\u00eanero:<\/strong> Romance \/ Restrita<br \/>\n<strong>Obs.:<\/strong> N\u00e3o escrevo terror, nem suspense.<\/p>\n<p><strong style=\"font-size: revert; color: initial; font-family: -apple-system, BlinkMacSystemFont, 'Segoe UI', Roboto, Oxygen-Sans, Ubuntu, Cantarell, 'Helvetica Neue', sans-serif;\">FANFICS FINALIZADAS<br \/>\n<\/strong>\u2022 <a href=\"https:\/\/espacocriativo.net\/web\/g\/garotas\" target=\"_blank\" rel=\"noopener noreferrer\">Garota S<\/a> <em>{Outros, Restrita, Finalizada}<\/em><br \/>\n<b>\u2022<\/b> <a href=\"https:\/\/espacocriativo.net\/adote\/?p=5398\" target=\"_blank\" rel=\"noopener noreferrer\">Me Apaixonei Pela Bab\u00e1<\/a> <em>{Original, Finalizada}<br \/>\n<\/em><b>\u2022<\/b> <a href=\"https:\/\/espacocriativo.net\/web\/o\/oparperfeito\" target=\"_blank\" rel=\"noopener noreferrer\">O Par Perfeito<\/a>\u00a0<em>{Original, Finalizada}<\/em><br \/>\n<strong>\u2022<\/strong> <a href=\"https:\/\/espacocriativo.net\/web\/t\/telekinesis\" target=\"_blank\" rel=\"noopener noreferrer\">Telekinesis<\/a> <em>{The Avengers, Finalizada}<\/em><\/p>\n<p><strong>FANFICS COM PARTICIPA\u00c7\u00c3O<\/strong><br \/>\n<b>\u2022<\/b> <a href=\"https:\/\/espacocriativo.net\/web\/a\/acasadobosque\" target=\"_blank\" rel=\"noopener noreferrer\">A Casa do Bosque<\/a>\u00a0<em>{One Direction, Finalizada}\u00a0<\/em>\u2013 Cap\u00edtulo 01<br \/>\n<b>\u2022<\/b> <a href=\"https:\/\/espacocriativo.net\/web\/c\/corvoseharpias\" target=\"_blank\" rel=\"noopener noreferrer\">Corvos &amp; Harpias<\/a>\u00a0<em>{Original, Finalizada} <\/em>\u2013 Cap\u00edtulo 10<br \/>\n<b>\u2022<\/b> <a href=\"https:\/\/espacocriativo.net\/web\/o\/ocaraerrado\" target=\"_blank\" rel=\"noopener noreferrer\">O Cara Errado<\/a>\u00a0<em>{The Maine, Finalizada} <\/em>\u2013 Cap\u00edtulos 01 \/ 02 \/ 04 \/ 06\/ 07 \/ 08<br \/>\n<b>\u2022<\/b> <a href=\"https:\/\/espacocriativo.net\/web\/p\/poramor\" target=\"_blank\" rel=\"noopener noreferrer\">Por Amor<\/a>\u00a0<em>{Outros, Finalizada} <\/em>\u2013 Cap\u00edtulos 01 \/ 02 \/ 03<br \/>\n<b>\u2022<\/b> <a href=\"https:\/\/espacocriativo.net\/web\/r\/ready2rock\" target=\"_blank\" rel=\"noopener noreferrer\">Ready2Rock<\/a>\u00a0<em>{McFLY, Finalizada} <\/em>\u2013 Cap\u00edtulo 03<\/p>\n<blockquote>\n<p style=\"text-align: center;\">Participe do Leitor Criativo como autor! <a href=\"https:\/\/espacocriativo.net\/adote\/?page_id=4873\">Inscreva-se aqui.<\/a><\/p>\n<\/blockquote>\n","protected":false},"excerpt":{"rendered":"<p>Nome: Natashia Kitamura Portf\u00f3lio: Lista de hist\u00f3rias Fandom: Livre G\u00eanero: Romance \/ Restrita Obs.: N\u00e3o escrevo terror, nem suspense. FANFICS [&hellip;]<\/p>\n","protected":false},"author":1,"featured_media":0,"parent":4878,"menu_order":0,"comment_status":"closed","ping_status":"closed","template":"iframe.php","meta":{"_acf_changed":false,"footnotes":""},"class_list":["post-5749","page","type-page","status-publish","hentry"],"acf":[],"_links":{"self":[{"href":"https:\/\/espacocriativo.net\/adote\/wp-json\/wp\/v2\/pages\/5749","targetHints":{"allow":["GET"]}}],"collection":[{"href":"https:\/\/espacocriativo.net\/adote\/wp-json\/wp\/v2\/pages"}],"about":[{"href":"https:\/\/espacocriativo.net\/adote\/wp-json\/wp\/v2\/types\/page"}],"author":[{"embeddable":true,"href":"https:\/\/espacocriativo.net\/adote\/wp-json\/wp\/v2\/users\/1"}],"replies":[{"embeddable":true,"href":"https:\/\/espacocriativo.net\/adote\/wp-json\/wp\/v2\/comments?post=5749"}],"version-history":[{"count":1,"href":"https:\/\/espacocriativo.net\/adote\/wp-json\/wp\/v2\/pages\/5749\/revisions"}],"predecessor-version":[{"id":7663,"href":"https:\/\/espacocriativo.net\/adote\/wp-json\/wp\/v2\/pages\/5749\/revisions\/7663"}],"up":[{"embeddable":true,"href":"https:\/\/espacocriativo.net\/adote\/wp-json\/wp\/v2\/pages\/4878"}],"wp:attachment":[{"href":"https:\/\/espacocriativo.net\/adote\/wp-json\/wp\/v2\/media?parent=5749"}],"curies":[{"name":"wp","href":"https:\/\/api.w.org\/{rel}","templated":true}]}}