{"id":4966,"date":"2020-07-05T02:27:48","date_gmt":"2020-07-05T02:27:48","guid":{"rendered":"https:\/\/espacocriativo.net\/adote\/?page_id=4966"},"modified":"2020-07-05T02:27:48","modified_gmt":"2020-07-05T02:27:48","slug":"contato","status":"publish","type":"page","link":"https:\/\/espacocriativo.net\/adote\/formularios\/contato\/","title":{"rendered":"Contato"},"content":{"rendered":"<p>\u2013 Atrav\u00e9s deste formul\u00e1rio, responderemos somente quest\u00f5es relacionadas ao Adote Uma Ideia e suas hist\u00f3rias.<br \/>\n\u2013 <span style=\"text-decoration: underline;\"><strong>N\u00e3o utilize este formul\u00e1rio para ado\u00e7\u00f5es, doa\u00e7\u00f5es ou qualquer tipo de inscri\u00e7\u00e3o.<\/strong><\/span> Para isso, utilize nossos formul\u00e1rios;<\/p>\n<p align=\"center\"><strong>Prazo de retorno:<\/strong> 48 horas<\/p>\n<p align=\"center\"><small>Caso n\u00e3o receba o retorno no prazo acima, envie outro formul\u00e1rio ou entre em contato com a administra\u00e7\u00e3o pelo e-mail projetos.espacocriativo@gmail.com ou qualquer uma das redes sociais listadas abaixo:<\/small><\/p>\n<p style=\"text-align: center;\"><a href=\"http:\/\/twitter.com\/espacocriativo_\"><img loading=\"lazy\" decoding=\"async\" class=\"alignnone size-full wp-image-3039\" src=\"http:\/\/espacocriativo.net\/adote\/wp-content\/uploads\/2016\/04\/image-1-e1462000599310.jpeg\" alt=\"image\" width=\"65\" height=\"65\"><\/a><a href=\"http:\/\/facebook.com\/alltimefics\"><img loading=\"lazy\" decoding=\"async\" class=\"alignnone size-full wp-image-3039\" src=\"http:\/\/espacocriativo.net\/adote\/wp-content\/uploads\/2016\/05\/testeface-e1462143351338.jpg\" alt=\"image\" width=\"65\" height=\"65\"><\/a><\/p>\n<p align=\"center\">\n<div class=\"wpcf7 no-js\" id=\"wpcf7-f512-o1\" lang=\"en-US\" dir=\"ltr\" data-wpcf7-id=\"512\">\n<div class=\"screen-reader-response\"><p role=\"status\" aria-live=\"polite\" aria-atomic=\"true\"><\/p> <ul><\/ul><\/div>\n<form action=\"\/adote\/wp-json\/wp\/v2\/pages\/4966#wpcf7-f512-o1\" method=\"post\" class=\"wpcf7-form init\" aria-label=\"Contact form\" novalidate=\"novalidate\" data-status=\"init\">\n<fieldset class=\"hidden-fields-container\"><input type=\"hidden\" name=\"_wpcf7\" value=\"512\" \/><input type=\"hidden\" name=\"_wpcf7_version\" value=\"6.1.4\" \/><input type=\"hidden\" name=\"_wpcf7_locale\" value=\"en_US\" \/><input type=\"hidden\" name=\"_wpcf7_unit_tag\" value=\"wpcf7-f512-o1\" \/><input type=\"hidden\" name=\"_wpcf7_container_post\" value=\"0\" \/><input type=\"hidden\" name=\"_wpcf7_posted_data_hash\" value=\"\" \/>\n<\/fieldset>\n<p><b>*<\/b><i>Campos obrigat\u00f3rios<\/i>\n<\/p>\n<p><b>Nome*:<\/b>\n<\/p>\n<p><span class=\"wpcf7-form-control-wrap\" data-name=\"your-name\"><input size=\"40\" maxlength=\"400\" class=\"wpcf7-form-control wpcf7-text wpcf7-validates-as-required\" aria-required=\"true\" aria-invalid=\"false\" value=\"\" type=\"text\" name=\"your-name\" \/><\/span>\n<\/p>\n<p><b>E-mail*:<\/b>\n<\/p>\n<p><span class=\"wpcf7-form-control-wrap\" data-name=\"your-email\"><input size=\"40\" maxlength=\"400\" class=\"wpcf7-form-control wpcf7-email wpcf7-validates-as-required wpcf7-text wpcf7-validates-as-email\" aria-required=\"true\" aria-invalid=\"false\" value=\"\" type=\"email\" name=\"your-email\" \/><\/span>\n<\/p>\n<p><b>Twitter:<\/b>\n<\/p>\n<p><span class=\"wpcf7-form-control-wrap\" data-name=\"text-646\"><input size=\"40\" maxlength=\"400\" class=\"wpcf7-form-control wpcf7-text\" aria-invalid=\"false\" value=\"\" type=\"text\" name=\"text-646\" \/><\/span>\n<\/p>\n<p><b>Perfil*:<\/b>\n<\/p>\n<p><span class=\"wpcf7-form-control-wrap\" data-name=\"menu-256\"><select class=\"wpcf7-form-control wpcf7-select wpcf7-validates-as-required\" aria-required=\"true\" aria-invalid=\"false\" name=\"menu-256\"><option value=\"\">&#8212;Please choose an option&#8212;<\/option><option value=\"Autor\">Autor<\/option><option value=\"Leitor\">Leitor<\/option><option value=\"Visitante\">Visitante<\/option><\/select><\/span>\n<\/p>\n<p><b>N\u00ba da ideia \/ T\u00edtulo da hist\u00f3ria:<\/b>\n<\/p>\n<p><span class=\"wpcf7-form-control-wrap\" data-name=\"text-647\"><input size=\"40\" maxlength=\"400\" class=\"wpcf7-form-control wpcf7-text\" aria-invalid=\"false\" value=\"\" type=\"text\" name=\"text-647\" \/><\/span>\n<\/p>\n<p><b>Assunto:<\/b>\n<\/p>\n<p><span class=\"wpcf7-form-control-wrap\" data-name=\"your-subject\"><input size=\"40\" maxlength=\"400\" class=\"wpcf7-form-control wpcf7-text\" aria-invalid=\"false\" value=\"\" type=\"text\" name=\"your-subject\" \/><\/span>\n<\/p>\n<p><b>Mensagem*:<\/b>\n<\/p>\n<p><span class=\"wpcf7-form-control-wrap\" data-name=\"your-message\"><textarea cols=\"40\" rows=\"10\" maxlength=\"2000\" class=\"wpcf7-form-control wpcf7-textarea\" aria-invalid=\"false\" name=\"your-message\"><\/textarea><\/span>\n<\/p>\n<p><input class=\"wpcf7-form-control wpcf7-submit has-spinner\" type=\"submit\" value=\"Send\" \/>\n<\/p><div class=\"wpcf7-response-output\" aria-hidden=\"true\"><\/div>\n<\/form>\n<\/div>\n<\/p>\n","protected":false},"excerpt":{"rendered":"<p>\u2013 Atrav\u00e9s deste formul\u00e1rio, responderemos somente quest\u00f5es relacionadas ao Adote Uma Ideia e suas hist\u00f3rias. \u2013 N\u00e3o utilize este formul\u00e1rio [&hellip;]<\/p>\n","protected":false},"author":2,"featured_media":0,"parent":587,"menu_order":0,"comment_status":"closed","ping_status":"closed","template":"","meta":{"_acf_changed":false,"footnotes":""},"class_list":["post-4966","page","type-page","status-publish","hentry"],"acf":[],"_links":{"self":[{"href":"https:\/\/espacocriativo.net\/adote\/wp-json\/wp\/v2\/pages\/4966","targetHints":{"allow":["GET"]}}],"collection":[{"href":"https:\/\/espacocriativo.net\/adote\/wp-json\/wp\/v2\/pages"}],"about":[{"href":"https:\/\/espacocriativo.net\/adote\/wp-json\/wp\/v2\/types\/page"}],"author":[{"embeddable":true,"href":"https:\/\/espacocriativo.net\/adote\/wp-json\/wp\/v2\/users\/2"}],"replies":[{"embeddable":true,"href":"https:\/\/espacocriativo.net\/adote\/wp-json\/wp\/v2\/comments?post=4966"}],"version-history":[{"count":0,"href":"https:\/\/espacocriativo.net\/adote\/wp-json\/wp\/v2\/pages\/4966\/revisions"}],"up":[{"embeddable":true,"href":"https:\/\/espacocriativo.net\/adote\/wp-json\/wp\/v2\/pages\/587"}],"wp:attachment":[{"href":"https:\/\/espacocriativo.net\/adote\/wp-json\/wp\/v2\/media?parent=4966"}],"curies":[{"name":"wp","href":"https:\/\/api.w.org\/{rel}","templated":true}]}}