{"id":1680,"date":"2014-12-18T22:30:09","date_gmt":"2014-12-18T22:30:09","guid":{"rendered":"http:\/\/adote.alltimefics.com\/?page_id=1680"},"modified":"2024-07-26T23:36:14","modified_gmt":"2024-07-27T02:36:14","slug":"ideias-181-a-190","status":"publish","type":"page","link":"https:\/\/espacocriativo.net\/adote\/disponiveis\/ideias-181-a-190\/","title":{"rendered":"Ideias \u00bb #181 a #190"},"content":{"rendered":"<p style=\"text-align: center;\">Antes de adotar, confira as <a href=\"https:\/\/espacocriativo.net\/adote\/?page_id=609\">regras do jogo<\/a>.<\/p>\n<p style=\"text-align: center;\"><a href=\"#181\">#181<\/a> | <a href=\"#182\">#182<\/a> | <a href=\"#183\">#183<\/a> | <a href=\"#184\">#184<\/a> | <a href=\"#185\">#185<\/a> | <a href=\"#186\">#186<\/a> | <a href=\"#187\">#187<\/a> | <a href=\"#188\">#188<\/a> | <a href=\"#189\">#189<\/a> | <a href=\"#190\">#190<\/a><\/p>\n<hr \/>\n<h2 align=\"center\">Ideia #181<\/h2>\n<p><a name=\"181\"><\/a><strong>Doada por <i>Ally Dellafield<\/i>.<\/strong><br \/>\n<strong>Resumo:<\/strong> Voc\u00ea \u00e9 uma adolescente extrovertida, falante e sem muita frescura. Apenas n\u00e3o se sente familiarizada com o clima de falsidade que existe em seu col\u00e9gio, mas possui uma melhor amiga e isso basta. Bonita, esperta, adora shows de rock e as patricinhas a odeiam por voc\u00ea conseguir ser alvo de desejo dos garotos. Se diverte, fuma, bebe, pega quem quer e n\u00e3o est\u00e1 muito a\u00ed para os estudos. Um garoto novato chega a escola. As meninas, doidas por ele, embora ele n\u00e3o seja t\u00e3\u00e3\u00e3o gal\u00e3 assim, por ele ser m\u00fasico. Ele j\u00e1 a viu antes, mas voc\u00ea estava b\u00eabada demais pra se lembrar.<br \/>\nNasce uma r\u00e1pida amizade entre voc\u00eas.<br \/>\nVoc\u00ea o considera demais para estragar a amizade com algo mais.<br \/>\nMas ele n\u00e3o perde as esperan\u00e7as e n\u00e3o se incomoda com o que os outros dizem.<br \/>\nVoc\u00ea sugere &#8220;amizade colorida&#8221;.<br \/>\nConquistar voc\u00ea definitivamente n\u00e3o era a parte mais dif\u00edcil.<br \/>\nO ano acabou. Voc\u00ea n\u00e3o queria nada com a vida e n\u00e3o sabe o que fazer. Ele, muito menos, s\u00f3 pensavam em curtir o momento. A vida adulta chegou. E ent\u00e3o ele tem a n\u00e3o t\u00e3o brilhante ideia de se alistar no ex\u00e9rcito. Voc\u00ea entra em uma faculdade sem saber a m\u00ednima ideia do que quer da vida.<br \/>\nSer adulta e enfrentar as coisas que uma adulta enfrentaria? OU voltar pro seu mundinho maravilhoso de subst\u00e2ncias il\u00edcitas e sa\u00eddas na madrugada?<br \/>\nA vida \u00e9 feita de escolhas\u2026<br \/>\n<strong>Fandom:<\/strong> Livre<br \/>\n<strong>G\u00eanero:<\/strong> Romance \/ Restrita<br \/>\n<strong>Nota:<\/strong> O PP deve ser do tipo mais &#8220;palha\u00e7o&#8221; e extrovertido do que propriamente &#8220;gal\u00e3&#8221;.<br \/>\n<strong>Sugest\u00e3o:<\/strong> &#8212;<br \/>\n<strong>Contato:<\/strong> <a href=\"mailto:contatoallyfics@gmail.com\">E-mail<\/a><\/p>\n<p style=\"text-align: center;\"><strong>Para adotar, complete o formul\u00e1rio a seguir: <a href=\"https:\/\/espacocriativo.net\/adote\/?page_id=594\">Link<\/a><\/strong><\/p>\n<hr \/>\n<h2 align=\"center\">Ideia #182<\/h2>\n<p><a name=\"182\"><\/a><strong>Doada por <a href=\"https:\/\/twitter.com\/Jhenny_parker\" target=\"_blank\" rel=\"noopener noreferrer\">Jeniffer Susan Castellano<\/a>.<\/strong><br \/>\n<strong>Resumo:<\/strong> O que pra n\u00f3s era amor, uma loucura, mas amor, para eles era um crime\u2026<br \/>\nEu sou Harry Styles, integrante da boyband One Direction. Estou sendo processado por me apaixonar\u2026 Por qu\u00ea?<br \/>\nPorque ela tem apenas 14 anos\u2026 Uma garota com a maturidade e com o corpo de uma mulher da qual me orgulho e gostaria de mostrar pra todo mundo e gritar o quanto a amo. Mas tive que esconder por muito tempo; agora que a nossa hist\u00f3ria veio \u00e0 tona&#8230; Bem. Eu n\u00e3o sou um garoto apaixonado, eu sou o homem que namora uma crian\u00e7a.<br \/>\n<strong>Fandom:<\/strong> One Direction<br \/>\n<strong>G\u00eanero:<\/strong> Romance \/ Suspense<br \/>\n<strong>Nota:<\/strong> Retratar a pedofilia. Uma hist\u00f3ria diferente do que estamos acostumadas no mundo das fanfics \ud83d\ude42 Eu sou escritora tamb\u00e9m, mas gostaria de ver uma ideia minha sendo reproduzida por outra pessoa.<br \/>\n<strong>Sugest\u00e3o:<\/strong> Eu gostaria que meu nome, Susan, fosse usado como o da personagem principal. Mas \u00e9 apenas uma ideia&#8230;<br \/>\n<strong>Contato:<\/strong> <a href=\"mailto:Jeni_susan.2011@hotmail.com\">E-mail<\/a> | <a href=\"https:\/\/twitter.com\/Jhenny_parker\" target=\"_blank\" rel=\"noopener noreferrer\">Twitter<\/a><br \/>\n<strong>Aviso da Administra\u00e7\u00e3o:<\/strong> Este conte\u00fado \u00e9 inapropriado para menores de idade. Ao adot\u00e1-lo, analise bem como ser\u00e1 feita a elabora\u00e7\u00e3o da hist\u00f3ria; caso ela venha a conter informa\u00e7\u00f5es impr\u00f3prias ou denunciada por tal, ser\u00e1 retirada do site sem aviso pr\u00e9vio.<\/p>\n<p style=\"text-align: center;\"><strong>Para adotar, complete o formul\u00e1rio a seguir: <a href=\"https:\/\/espacocriativo.net\/adote\/?page_id=594\">Link<\/a><\/strong><\/p>\n<hr \/>\n<h2 align=\"center\">Ideia #183<\/h2>\n<p><a name=\"182\"><\/a><strong>Doada por <a href=\"https:\/\/twitter.com\/feelemos\" target=\"_blank\" rel=\"noopener noreferrer\">Fee Lemos<\/a>.<\/strong><br \/>\n<strong>Resumo:<\/strong> A personagem principal, quando ainda era crian\u00e7a, presencia alguma coisa e acaba tendo uma experi\u00eancia traum\u00e1tica (ela pode ter visto um parente ou amigo sendo assassinado, pode ter sido estuprada, enfim, vai da autora). E desde ent\u00e3o ela nunca mais \u00e9 a mesma. Anos se passam. A autora pode escolher um dos dois caminhos: ou a principal, por conta do trauma, acaba virando uma pessoa dissimulada e malvada (e ningu\u00e9m imagina isso at\u00e9 o final da fanfic) ou ela \u00e9 perseguida por algu\u00e9m que tem rela\u00e7\u00e3o com o que aconteceu na inf\u00e2ncia dela. O par da principal pode ser tanto um cara que gosta dela, mesmo ela agindo estranho e nunca dando espa\u00e7o para ningu\u00e9m, ou algu\u00e9m que a ajudar\u00e1 a se livrar de quem a persegue desde a inf\u00e2ncia (ou n\u00e3o).<br \/>\n<strong>Fandom:<\/strong> Outros \/ Original<br \/>\n<strong>G\u00eanero:<\/strong> Suspense<br \/>\n<strong>Nota:<\/strong> Seria legal ver a principal como mocinha e no final ela n\u00e3o ser nada daquilo que imaginavam.<br \/>\n<strong>Sugest\u00e3o:<\/strong> &#8212;<br \/>\n<strong>Contato:<\/strong> <a href=\"mailto:nandalemos@gmail.com\">E-mail<\/a> | <a href=\"https:\/\/twitter.com\/feelemos\" target=\"_blank\" rel=\"noopener noreferrer\">Twitter<\/a><\/p>\n<p style=\"text-align: center;\"><strong>Para adotar, complete o formul\u00e1rio a seguir: <a href=\"https:\/\/espacocriativo.net\/adote\/?page_id=594\">Link<\/a><\/strong><\/p>\n<hr \/>\n<h2 align=\"center\">Ideia #184<\/h2>\n<p><a name=\"184\"><\/a><strong>Doada por <a href=\"https:\/\/twitter.com\/feelemos\" target=\"_blank\" rel=\"noopener noreferrer\">Fee Lemos<\/a>.<\/strong><br \/>\n<strong>Resumo:<\/strong> A personagem principal e o par dela eram o casal perfeito. Se conheceram durante o colegial, namoraram durante alguns anos, casaram e tiveram uma linda filha. Alguns meses ap\u00f3s se mudarem para a casa nova, a filha deles de 4 anos \u00e9 sequestrada e eles nunca mais ouvem falar dela. Toda a tens\u00e3o acaba os afastando, tornando-os dois desconhecidos, porque enquanto o pai fica igual louco atr\u00e1s da filha durante os anos seguintes, a m\u00e3e entra em uma profunda depress\u00e3o ap\u00f3s um ano sem novidades. Ap\u00f3s esse per\u00edodo de um ano, a principal se muda para a casa da m\u00e3e dela, porque j\u00e1 n\u00e3o suportava ver as coisas da filha e ter o marido ausente quase o dia inteiro.<br \/>\n<strong>Fandom:<\/strong> Outros \/ Original<br \/>\n<strong>G\u00eanero:<\/strong> Drama \/ Policial \/ Suspense<br \/>\n<strong>Nota:<\/strong> O par da principal pode ser policial e trabalhar em algum departamento que investiga casos parecidos com esse. Durante o sequestro, podia estar tendo algum festival na vizinhan\u00e7a, ent\u00e3o qualquer um pode ser suspeito e isso atrapalha as investiga\u00e7\u00f5es. O casal acaba se separando por conta disso, o marido passa mais tempo no trabalho do que em casa e ele pode at\u00e9 chegar a ter uma amante ou um flerte.<br \/>\n<strong>Sugest\u00e3o:<\/strong> A principal, durante a depress\u00e3o, pode tentar suic\u00eddio (uma maneira de acordar o marido para que ele veja que, embora tenha perdido a filha, ainda tem a esposa que precisa dele nesse momento dif\u00edcil). Al\u00e9m disso, eles podem encontrar o corpo de uma crian\u00e7a durante as investiga\u00e7\u00f5es, que pode ou n\u00e3o ser da filha deles. O principal da hist\u00f3ria \u00e9 saber quem sequestrou, e possivelmente matou, a crian\u00e7a, e por qu\u00ea.<br \/>\n<strong>Contato:<\/strong> <a href=\"mailto:nandalemos@gmail.com\">E-mail<\/a> | <a href=\"https:\/\/twitter.com\/feelemos\" target=\"_blank\" rel=\"noopener noreferrer\">Twitter<\/a><\/p>\n<p style=\"text-align: center;\"><strong>Para adotar, complete o formul\u00e1rio a seguir: <a href=\"https:\/\/espacocriativo.net\/adote\/?page_id=594\">Link<\/a><\/strong><\/p>\n<hr \/>\n<h2 align=\"center\">Ideia #185<\/h2>\n<p><a name=\"185\"><\/a><strong>Doada por <a href=\"https:\/\/twitter.com\/Unicorniadocass\" target=\"_blank\" rel=\"noopener noreferrer\">Beatrice<\/a>.<\/strong><br \/>\n<strong>Resumo:<\/strong> Mabel (pode mudar o nome \u00e9 s\u00f3 pra ter uma ideia, ok?) tinha um primo que amava muito somente como irm\u00e3o, mas ela se importava demais com ele, era a pessoa mais importante para ela, o \u00fanico que parecia realmente se importar com a garota. Apesar de morarem um pouco longe e ele ser um pouco mais velho (ele tem idade pra dirigir e ela n\u00e3o, tipo isso) ele sempre vem visit\u00e1-la. Ela era uma garota normal que tinha alguns amigos (ou n\u00e3o, voc\u00ea pode escolher) e vivia se apaixonando, mas nunca suas paixonites davam certo, geralmente nem come\u00e7avam, mas ela n\u00e3o desistia, sentia prazer em se apaixonar e sempre quebrava a cara; pedia ajuda para seu primo e este sempre a ajudava, a\u00ed a autora pode escolher as coisas boas que ele fazia com ela: na minha cabe\u00e7a, ele sempre a levava para andar de carro em uma rua deserta, ele tinha um convers\u00edvel e ent\u00e3o ligava o som alto e ela ficava de p\u00e9 no banco no passageiro e segurava no vidro do carro gritando alto e esquecendo a dor ele tinha esse poder sobre ela.<br \/>\nEle dizia que um dia ele mesmo apresentaria o amor da vida dela e s\u00f3 a\u00ed daria certo.<br \/>\nMas em uma noite, a garota se cansa de ser sempre rejeitada por suas paix\u00f5es e desmorona em l\u00e1grimas, ligando desesperadamente para o primo que atende e tenta acalm\u00e1-la. Sem sucesso, ele decide ir de encontro dela, duas horas de carro n\u00e3o \u00e9 muito, mas era de madrugada e chovia forte. Mesmo assim, ele entra em seu carro acreditando que a amizade deles vale muito mais que isso.<br \/>\nE ent\u00e3o o acidente acontece: o carro capota e o garoto entra em coma. (Ent\u00e3o, autora, voc\u00ea pode escolher se ele morre na hora ou fica em coma, eu sugiro que ele fique em coma e uma hora ele acorde a tempo de dizer uma linda frase para a garota, que pra mim seria: &#8220;A vida \u00e9 uma escalada, mas a vista \u00e9 linda.&#8221;, e que a m\u00fasica &#8216;The Climb&#8217; &#8211; da Miley Cyrus &#8211; fosse a m\u00fasica que ele mostrasse toda vez que ela estivesse triste; ent\u00e3o ele sofresse um ataque e qualquer coisa e morresse alguns minutos depois que ela sa\u00edsse da sala.)<br \/>\nEla se culpa pela morte dele durante um tempo e passa a levar flores ao t\u00famulo todo m\u00eas. Escreve cartas, tudo o que acontece em seu dia, e deixa sobre o t\u00famulo na esperan\u00e7a dele ainda estar junto dela. No entanto, naquele cemit\u00e9rio, um rapaz sempre leva flores \u00e0 sua irm\u00e3 g\u00eamea que morreu no parto (ou qualquer outra pessoa querida dele que tenha morrido) e ele observa a garota que deixa flores no t\u00famulo bem cuidado junto a envelopes. Um dia ele resolve ler e entra no mundo de sentimentos que a pequena garota suporta (a\u00ed voc\u00ea cria uma cena que eles se conhecem) ent\u00e3o viram amigos; um grande amor surge entre eles (por\u00e9m, se quiser deixar mais dram\u00e1tico, antes de virar amor voc\u00ea pode falar que ela se sentiu mal, pois achava que estaria substituindo o primo e inventa essas cenas), e ent\u00e3o ela v\u00ea que seu primo estava realmente certo: seu verdadeiro amor seria somente apresentado por ele.<br \/>\nO fim voc\u00ea pode fazer o que quiser, acabando feliz ou n\u00e3o.<br \/>\n<strong>Fandom:<\/strong> Livre<br \/>\n<strong>G\u00eanero:<\/strong> Drama \/ Romance \/ Trag\u00e9dia<br \/>\n<strong>Nota:<\/strong> Eu s\u00f3 espero que se dedique nem que seja um capitulo, pois essa ideia \u00e9 basada na minha vida. Eu perdi meu primo ano passado e ele era simplesmente tudo pra mim. Eu queria muito escrever essa fic, mas eu n\u00e3o consigo, porque n\u00e3o arrumo palavras \u00e0 altura dele. L\u00f3gico que esse garoto que l\u00ea minhas cartas ainda n\u00e3o apareceu, foi s\u00f3 uma coisa que eu rom\u00e2ntica que imaginei. Bom, originalmente o nome do primo \u00e9 Danilo. Ele tinha 21 anos e morreu do jeitinho que ta escrito na ideia. E sim, ele me disse &#8220;A vida \u00e9 uma escalada, mas a vista \u00e9 linda.&#8221;, nossa m\u00fasica era The Climb, ent\u00e3o seja l\u00e1 quem for voc\u00ea e quer essa ideia, a cuide com carinho, se conecte com a a hist\u00f3ria e viva cada momento. Se precisar de ajuda em qualquer sentimento, me contate.<br \/>\n<strong>Sugest\u00e3o:<\/strong> Uma sugest\u00e3o \u00e9 que voc\u00ea fale o in\u00edcio da fase sem o primo da garota antes de introduzir o garoto sabe? Deixe um tempo pro luto.<br \/>\n<strong>Contato:<\/strong> <a href=\"mailto:beaah.butera@gmail.com\">E-mail<\/a> | <a href=\"https:\/\/twitter.com\/Unicorniadocass\" target=\"_blank\" rel=\"noopener noreferrer\">Twitter<\/a><\/p>\n<p style=\"text-align: center;\"><strong>Para adotar, complete o formul\u00e1rio a seguir: <a href=\"http:\/\/espacocriativo.net\/adote\/?page_id=594\">Link<\/a><\/strong><\/p>\n<hr \/>\n<h2 align=\"center\">Ideia #186<\/h2>\n<p><a name=\"186\"><\/a><strong>Doada por <a href=\"https:\/\/twitter.com\/IzabellaManesco\" target=\"_blank\" rel=\"noopener noreferrer\">Izabella<\/a>.<\/strong><br \/>\n<strong>Resumo:<\/strong> Uma neurocientista e um psic\u00f3logo que n\u00e3o se d\u00e3o bem e trabalham na mesma universidade fazendo pesquisas. Ent\u00e3o \u00e9 proposto que eles fa\u00e7am um trabalho juntos sobre relacionamentos: &#8220;Quantas mulheres um homem pode namorar ao mesmo tempo sem que elas se descubram?&#8221;<br \/>\nEla, analisando os neurol\u00f3gicos, responde que s\u00e3o entre 2 e 3; ele, que s\u00e3o entre 4 e 5. Eles ent\u00e3o t\u00eam que testar a teoria num grupo de alunos da universidade que desenvolver\u00e3o suas pr\u00f3prias hist\u00f3rias.<br \/>\nNo fim, eles descobrem que ela estava certa e acabam juntos; as outras historias de amor tamb\u00e9m s\u00e3o resolvidas.<br \/>\n<strong>Fandom:<\/strong> One Direction \/ Magcon<br \/>\n<strong>G\u00eanero:<\/strong> Restrita<br \/>\n<strong>Nota:<\/strong> Quanto aos personagens:<br \/>\nEla \u2014 Respons\u00e1vel, t\u00edmida, calma, gosta de ler e n\u00e3o gosta de festas;<br \/>\nEle \u2014 Irrespons\u00e1vel, extrovertido, est\u00e1 sempre em festas e n\u00e3o liga pra nada (gostaria que fosse ou o Liam Payne da One Direction, ou Jack G da old Magcon, aquele que voc\u00ea escolher determina da onde v\u00e3o ser os meninos testados no experimento.)<br \/>\nGosto que ela tenha looks no Polyvore, se voc\u00ea n\u00e3o souber ou deixar, eu gostaria muito de faz\u00ea-los.<br \/>\nDos quatro garotos do experimento, devem nascer historias de amor.<br \/>\nGostaria que a historia fosse restrita, sen\u00e3o a hist\u00f3ria n\u00e3o vai fazer sentido.<br \/>\nSe poss\u00edvel, queria um cap\u00edtulo com sexo homossexual feminino pra contar sobre as experi\u00eancias sexuais que ela j\u00e1 teve e mostrar pra ele que ela n\u00e3o \u00e9 nenhuma santa.<br \/>\n<strong>Sugest\u00e3o:<\/strong> &#8212;<br \/>\n<strong>Contato:<\/strong> <a href=\"mailto:bellamanesco@hotmail.com\">E-mail<\/a> | <a href=\"https:\/\/twitter.com\/IzabellaManesco\" target=\"_blank\" rel=\"noopener noreferrer\">Twitter<\/a><br \/>\n<strong>Aviso da Administra\u00e7\u00e3o:<\/strong> Este conte\u00fado \u00e9 inapropriado para menores de idade. Ao adot\u00e1-lo, analise bem como ser\u00e1 feita a elabora\u00e7\u00e3o da hist\u00f3ria; caso ela venha a conter informa\u00e7\u00f5es impr\u00f3prias ou denunciada por tal, ser\u00e1 retirada do site sem aviso pr\u00e9vio.<\/p>\n<p style=\"text-align: center;\"><strong>Para adotar, complete o formul\u00e1rio a seguir: <a href=\"https:\/\/espacocriativo.net\/adote\/?page_id=594\">Link<\/a><\/strong><\/p>\n<hr \/>\n<h2 align=\"center\">Ideia #187<\/h2>\n<p><a name=\"187\"><\/a><strong>Doada por <i>Julia<\/i>.<\/strong><br \/>\n<strong>Resumo:<\/strong> A personagem principal \u00e9 jovem, filha de m\u00e3e solteira (voc\u00ea pode decidir o que aconteceu com o pai dela) e estuda em um col\u00e9gio tradicional de sua cidade.<br \/>\nAl\u00e9m disso, a garota \u00e9 secretamente apaixonada pelo seu professor (voc\u00ea pode decidir de qual mat\u00e9ria) desde que ele entrou na escola. Por este motivo n\u00e3o consegue prestar aten\u00e7\u00e3o em suas aulas, e consequentemente vai muito mal nas provas. Depois de uma nota realmente ruim o professor chama a m\u00e3e da garota para uma reuni\u00e3o, e com o desenrolar dos fatos eles se envolvem em um romance, e o professor por quem a menina \u00e9 apaixonada acaba se tornando o seu padrasto. A\u00ed voc\u00ea pode decidir o que vai acontecer\u2026<br \/>\n<strong>Fandom:<\/strong> Livre<br \/>\n<strong>G\u00eanero:<\/strong> Romance<br \/>\n<strong>Nota:<\/strong> Tome cuidado apenas ao retratar esta situa\u00e7\u00e3o.<br \/>\nCaso o padrasto se apaixone pela menina e fique com ela, tente imaginar e passar para o leitor a rea\u00e7\u00e3o que esta m\u00e3e teria, a forma como o relacionamento deles seria, e etc.<br \/>\n<strong>Sugest\u00e3o:<\/strong> Acharia interessante se o professor fosse jovem, muito mais novo do que a m\u00e3e da personagem.<br \/>\nAl\u00e9m disso, como sou belieber, adoraria ver meu babe no papel do professor \ud83d\ude09<br \/>\nMas isto \u00e9 apenas uma sugest\u00e3o, deixei o fandom livre para n\u00e3o restringir muito a ideia.<br \/>\nSe a autora n\u00e3o quiser deixar a hist\u00f3ria muito longa, pode iniciar a fic j\u00e1 com a m\u00e3e da menina namorando o tal professor e com o desenrolar explicar como eles se tornaram namorados e por que a personagem n\u00e3o aceita o relacionamento.<br \/>\n<strong>Contato:<\/strong> <a href=\"mailto:juuuhprado@hotmail.com\">E-mail<\/a><\/p>\n<p style=\"text-align: center;\"><strong>Para adotar, complete o formul\u00e1rio a seguir: <a href=\"https:\/\/espacocriativo.net\/adote\/?page_id=594\">Link<\/a><\/strong><\/p>\n<hr \/>\n<h2 align=\"center\">Ideia #188<\/h2>\n<p><a name=\"188\"><\/a><strong>Doada por <a href=\"https:\/\/twitter.com\/autorsemtt\" target=\"_blank\" rel=\"noopener noreferrer\">Julia<\/a>.<\/strong><br \/>\n<strong>Resumo:<\/strong> Imagine duas pessoas diferentes, do tipo que d\u00e1 significado \u00e0 palavra opostos.<br \/>\nImaginou?<br \/>\nEsse \u00e9 o casal em foco nesta ideia.<br \/>\nSer\u00e1 que os opostos realmente se atraem?<br \/>\nEles se conhecem desde a inf\u00e2ncia, s\u00e3o vizinhos e brincam junto com o pessoal da rua, mas sempre se odiaram por serem muito diferentes. (Eu imagino uma menina marrentinha, e um garoto mais banana, e ela batendo nele por exemplo haha). Com o passar do tempo, alguns amigos da rua se mudam, ele cresce e se torna um cara muito bonito, popular, rico, mulherengo demais, e extremamente sem personalidade (bem do tipo maria vai com as outras, sabe?)e tem um relacionamento problem\u00e1tico com os pais.<br \/>\nJ\u00e1 ela se torna menina linda, mas com uma personalidade imposs\u00edvel, uma garota geniosa que fala tudo o que pensa, e que adora usar de ironia e sarcasmo para zombar de quem a irrita sem piedade. Apesar de ser grossa na maioria das vezes, no fundo \u00e9 uma garota com um cora\u00e7\u00e3o lindo.<br \/>\nEis que no terceiro ano do ensino m\u00e9dio ela muda de col\u00e9gio e acaba caindo justamente na sala dele. Apesar de serem vizinhos, h\u00e1 muito tempo n\u00e3o se falavam, justamente porque ambos n\u00e3o se suportam.<br \/>\n\u00c9 a\u00ed que come\u00e7a o relacionamento dos dois. S\u00f3 que n\u00e3o importa o que eles fa\u00e7am, as coisas simplesmente nunca d\u00e3o certo. Em um minuto eles est\u00e3o bem, est\u00e3o se amando, e no outro se odeiam de novo. Um relacionamento tipo Roberta e Diego do Rebelde Mexicano, sabe?<br \/>\nNo final da hist\u00f3ria voc\u00ea pode decidir se os personagens ficar\u00e3o juntos, ou se perceber\u00e3o que s\u00e3o diferentes demais e desistir\u00e3o do romance.<br \/>\n<strong>Fandom:<\/strong> Livre<br \/>\n<strong>G\u00eanero:<\/strong> Romance \/ Com\u00e9dia<br \/>\n<strong>Nota:<\/strong> As \u00fanicas coisas que eu pe\u00e7o de cora\u00e7\u00e3o s\u00e3o:<br \/>\n\u2013 Se voc\u00ea tem o hist\u00f3rico de come\u00e7ar a escrever alguma coisa e depois desistir no meio, N\u00c3O ADOTE ESTA IDEIA!<br \/>\n\u2013 Voc\u00ea que adotar, por favor, entre em contato comigo por e-mail, quero acompanhar o desenvolvimento da hist\u00f3ria.<br \/>\n<strong>Sugest\u00e3o:<\/strong> Caso voc\u00ea decida faz\u00ea-los ficarem juntos, eu acharia melhor se desse um jeito de eles se reencontrarem depois de muito tempo.<br \/>\nPor exemplo: faz na primeira temporada os dois terminando de vez. Digamos que ela v\u00e1 fazer uma faculdade longe, ou ent\u00e3o ele, e depois de muitos anos os dois se reencontrem novamente na cidade. \u00c9 s\u00f3 uma sugest\u00e3o. Mas eu acho que desta forma os dois juntos faria mais sentido, pois assim ambos j\u00e1 teriam envelhecido, amadurecido, e saberiam melhor como lidar com as diferen\u00e7as.<br \/>\n<strong>Contato:<\/strong> <a href=\"mailto:juuuhprado@hotmail.com\">E-mail<\/a><\/p>\n<p style=\"text-align: center;\"><strong>Para adotar, complete o formul\u00e1rio a seguir: <a href=\"https:\/\/espacocriativo.net\/adote\/?page_id=594\">Link<\/a><\/strong><\/p>\n<hr \/>\n<h2 align=\"center\">Ideia #189<\/h2>\n<p><a name=\"189\"><\/a><strong>Doada por <i>Vict\u00f3ria<\/i>.<\/strong><br \/>\n<strong>Resumo:<\/strong> Maya se apaixonou por um amigo de inf\u00e2ncia no dia em que estavam em um casamento, suas amigas acham que combinam muito, mas ela n\u00e3o quer ter nada com ele. Os meses passam e ela se apaixona realmente com toda for\u00e7a por ele. Quando as aulas come\u00e7am, sua escola volta com um projeto de m\u00fasica e o melhor amigo de um dos amigos dela \u00e9 quem vai dar aula. Esse cara que vai ser o professor tamb\u00e9m \u00e9 aluno da escola, s\u00f3 que ele est\u00e1 no \u00faltimo ano e ela no primeiro. Ela, sem querer, tamb\u00e9m come\u00e7a a gostar dele. Agora ela tem que escolher entre o lerdinho t\u00edmido que ela se apaixonou primeiro ou o ousado e galinha, por\u00e9m gente fina que lhe d\u00e1 aula de m\u00fasica\u2026<br \/>\n<strong>Fandom:<\/strong> Livre<br \/>\n<strong>G\u00eanero:<\/strong> Romance \/ Com\u00e9dia \/ Aventura<br \/>\n<strong>Nota:<\/strong> Quem pegar essa ideia, por favor, cuide muito bem dela. N\u00e3o \u00e9 uma simples hist\u00f3ria, porque ela realmente existe ou existiu.<br \/>\n<strong>Sugest\u00e3o:<\/strong> Pode conter cenas restritas, palavr\u00f5es ou qualquer coisa que queiram adotar. Mas fa\u00e7am o primeiro garoto t\u00edmido, reservado e inteligente, o segundo bem aberto, principalmente com as garotas, e sempre dando em cima de alguma\u2026<br \/>\n<strong>Contato:<\/strong> <a href=\"mailto:viictorialoopes22@gmail.com\">E-mail<\/a><\/p>\n<p style=\"text-align: center;\"><strong>Para adotar, complete o formul\u00e1rio a seguir: <a href=\"https:\/\/espacocriativo.net\/adote\/?page_id=594\">Link<\/a><\/strong><\/p>\n<hr \/>\n<h2 align=\"center\">Ideia #190<\/h2>\n<p><a name=\"190\"><\/a><strong>Doada por <a href=\"https:\/\/twitter.com\/lukediota\" target=\"_blank\" rel=\"noopener noreferrer\">Camila W<\/a>.<\/strong><br \/>\n<strong>Resumo:<\/strong> &#8220;Ela era m\u00e1. Ele era bom. Ela era atrevida. Ele tinha namorada. Ela odiava regras. Ele se apaixonou por ela. Ela destruiu seu cora\u00e7\u00e3o. Ele nunca desistiu.&#8221;<br \/>\n<strong>Fandom:<\/strong> Livre<br \/>\n<strong>G\u00eanero:<\/strong> Romance \/ Com\u00e9dia<br \/>\n<strong>Nota:<\/strong> *Seja bom em drama e com\u00e9dia.<br \/>\n<strong>Sugest\u00e3o:<\/strong> *Alguma amiga l\u00e9sbica engra\u00e7ada, por favor.<br \/>\n<strong>Contato:<\/strong> <a href=\"mailto:cami.s21d@gmail.com\">E-mail<\/a> | <a href=\"https:\/\/twitter.com\/lukediota\" target=\"_blank\" rel=\"noopener noreferrer\">Twitter<\/a><\/p>\n<p style=\"text-align: center;\"><strong>Para adotar, complete o formul\u00e1rio a seguir: <a href=\"https:\/\/espacocriativo.net\/adote\/?page_id=594\">Link<\/a><\/strong><\/p>\n","protected":false},"excerpt":{"rendered":"<p>Antes de adotar, confira as regras do jogo. #181 | #182 | #183 | #184 | #185 | #186 | [&hellip;]<\/p>\n","protected":false},"author":2,"featured_media":0,"parent":606,"menu_order":0,"comment_status":"closed","ping_status":"closed","template":"iframe.php","meta":{"_acf_changed":false,"footnotes":""},"class_list":["post-1680","page","type-page","status-publish","hentry"],"acf":[],"_links":{"self":[{"href":"https:\/\/espacocriativo.net\/adote\/wp-json\/wp\/v2\/pages\/1680","targetHints":{"allow":["GET"]}}],"collection":[{"href":"https:\/\/espacocriativo.net\/adote\/wp-json\/wp\/v2\/pages"}],"about":[{"href":"https:\/\/espacocriativo.net\/adote\/wp-json\/wp\/v2\/types\/page"}],"author":[{"embeddable":true,"href":"https:\/\/espacocriativo.net\/adote\/wp-json\/wp\/v2\/users\/2"}],"replies":[{"embeddable":true,"href":"https:\/\/espacocriativo.net\/adote\/wp-json\/wp\/v2\/comments?post=1680"}],"version-history":[{"count":1,"href":"https:\/\/espacocriativo.net\/adote\/wp-json\/wp\/v2\/pages\/1680\/revisions"}],"predecessor-version":[{"id":8025,"href":"https:\/\/espacocriativo.net\/adote\/wp-json\/wp\/v2\/pages\/1680\/revisions\/8025"}],"up":[{"embeddable":true,"href":"https:\/\/espacocriativo.net\/adote\/wp-json\/wp\/v2\/pages\/606"}],"wp:attachment":[{"href":"https:\/\/espacocriativo.net\/adote\/wp-json\/wp\/v2\/media?parent=1680"}],"curies":[{"name":"wp","href":"https:\/\/api.w.org\/{rel}","templated":true}]}}