{"id":1416,"date":"2014-08-03T19:33:20","date_gmt":"2014-08-03T19:33:20","guid":{"rendered":"http:\/\/alltimefics.com\/adote\/?page_id=1416"},"modified":"2025-01-09T03:59:49","modified_gmt":"2025-01-09T06:59:49","slug":"ideias-151-a-160","status":"publish","type":"page","link":"https:\/\/espacocriativo.net\/adote\/indisponiveis\/ideias-151-a-160\/","title":{"rendered":"Ideias \u00bb #151 a #160"},"content":{"rendered":"\n<p class=\"has-text-align-center\"><a href=\"#155\">#155<\/a><\/p>\n\n\n\n<hr class=\"wp-block-separator has-alpha-channel-opacity\"\/>\n\n\n\n<h2 class=\"wp-block-heading has-text-align-center\">Ideia #155<\/h2>\n\n\n\n<figure class=\"wp-block-image size-large\"><img decoding=\"async\" src=\"https:\/\/espacocriativo.net\/adote\/wp-content\/uploads\/2023\/08\/OK-Division-1024x279.png\" alt=\"\" class=\"wp-image-7228\"\/><\/figure>\n\n\n\n<p><a name=\"155\"><\/a><strong>Doada por <a href=\"https:\/\/twitter.com\/forallmybabies\" target=\"_blank\" rel=\"noopener noreferrer\">Lais Alves<\/a>.<\/strong><br>\n<strong>Resumo:<\/strong> A principal \u00e9 uma mulher que est\u00e1 no corredor da morte por ter matado um policial, crime do qual ela nem se lembra de ter cometido. Mas tudo muda quando, de repente ela acorda em um lugar com um homem misterioso a encarando. Ele diz a ela que seu passado est\u00e1 apagado, para o resto do mundo ela est\u00e1 morta e que ela est\u00e1 em um lugar chamado &#8220;Division&#8221; uma ag\u00eancia que faz servi\u00e7os para o governo. Ela foi recrutada para se tornar uma assassina. Logo se torna uma das melhores agente, devido \u00e1s suas habilidades mas descobre que nem tudo \u00e9 o que parece ser dentro de seu novo local de trabalho. A principal far\u00e1 par rom\u00e2ntico com o &#8220;homem misterioso&#8221; citado acima. Ele ser\u00e1 o treinador dela e o parceiro em algumas miss\u00f5es. Ele \u00e9 um dos agentes mais importantes da &#8220;Division&#8221;.<br>\n<strong>Fandom:<\/strong> Livre<br>\n<strong>G\u00eanero:<\/strong> Livre<br>\n<strong>Nota:<\/strong> A principal e o principal interativos, apenas.<br>\nA fanfic pode ter cenas explicitas de sexo, por\u00e9m desde que n\u00e3o sejam muitas e toda hora. O relacionamento dos principais \u00e9 fisico tamb\u00e9m, mas procure se focar mais no emocional (desde que n\u00e3o fique meloso).<br>\nA id\u00e9ia da fanfic foi tirada do seriado Nikita assim como o nome da ag\u00eancia mas \u00e9 isso tamb\u00e9m. O enredo da hist\u00f3ria pode decorrer livre sem ter liga\u00e7\u00e3o alguma com a s\u00e9rie.<br>\nA principal tem que descobrir em algum ponto da fanfic que a ag\u00eancia \u00e9 mercen\u00e1ria e n\u00e3o est\u00e1 fazendo servi\u00e7os para o governo!<br>\n<strong>Contato:<\/strong> <a href=\"mailto:lala_alves2007@live.com\">E-mail<\/a> | <a href=\"https:\/\/twitter.com\/forallmybabies\" target=\"_blank\" rel=\"noopener noreferrer\">Twitter<\/a><\/p>\n\n\n\n<h3 class=\"wp-block-heading has-text-align-center\">Esta ideia j\u00e1 foi reservada!<\/h3>\n\n\n\n<ul class=\"wp-block-list\">\n<li><b>Nome:<\/b> P\u00e2ms<\/li>\n\n\n\n<li><b>E-mail:<\/b> <a href=\"mailto:pm2.fics@gmail.com\" target=\"_blank\" rel=\"noopener noreferrer\">@<\/a><\/li>\n\n\n\n<li><b>Twitter:<b> <a rel=\"noopener noreferrer\" href=\"https:\/\/twitter.com\/meguerine\" target=\"_blank\">@meguerine<\/a><\/b><\/b><\/li>\n\n\n\n<li><b style=\"color: initial; font-family: -apple-system, BlinkMacSystemFont, &quot;Segoe UI&quot;, Roboto, Oxygen-Sans, Ubuntu, Cantarell, &quot;Helvetica Neue&quot;, sans-serif;\">Leia:<\/b><span style=\"font-weight: 600; color: initial; font-family: -apple-system, BlinkMacSystemFont, &quot;Segoe UI&quot;, Roboto, Oxygen-Sans, Ubuntu, Cantarell, &quot;Helvetica Neue&quot;, sans-serif;\"><strong> <\/strong><\/span><a rel=\"noreferrer noopener\" href=\"https:\/\/espacocriativo.net\/fictions\/interativas-andamento\/original-andamento\/\" target=\"_blank\">Division<\/a>, por P\u00e2ms\u00a0<em>{Original, Finalizada}<\/em>\u00a0<\/li>\n<\/ul>\n","protected":false},"excerpt":{"rendered":"<p>#155 Ideia #155 Doada por Lais Alves. Resumo: A principal \u00e9 uma mulher que est\u00e1 no corredor da morte por [&hellip;]<\/p>\n","protected":false},"author":2,"featured_media":0,"parent":643,"menu_order":0,"comment_status":"closed","ping_status":"closed","template":"iframe.php","meta":{"_acf_changed":false,"footnotes":""},"class_list":["post-1416","page","type-page","status-publish","hentry"],"acf":[],"_links":{"self":[{"href":"https:\/\/espacocriativo.net\/adote\/wp-json\/wp\/v2\/pages\/1416","targetHints":{"allow":["GET"]}}],"collection":[{"href":"https:\/\/espacocriativo.net\/adote\/wp-json\/wp\/v2\/pages"}],"about":[{"href":"https:\/\/espacocriativo.net\/adote\/wp-json\/wp\/v2\/types\/page"}],"author":[{"embeddable":true,"href":"https:\/\/espacocriativo.net\/adote\/wp-json\/wp\/v2\/users\/2"}],"replies":[{"embeddable":true,"href":"https:\/\/espacocriativo.net\/adote\/wp-json\/wp\/v2\/comments?post=1416"}],"version-history":[{"count":1,"href":"https:\/\/espacocriativo.net\/adote\/wp-json\/wp\/v2\/pages\/1416\/revisions"}],"predecessor-version":[{"id":8224,"href":"https:\/\/espacocriativo.net\/adote\/wp-json\/wp\/v2\/pages\/1416\/revisions\/8224"}],"up":[{"embeddable":true,"href":"https:\/\/espacocriativo.net\/adote\/wp-json\/wp\/v2\/pages\/643"}],"wp:attachment":[{"href":"https:\/\/espacocriativo.net\/adote\/wp-json\/wp\/v2\/media?parent=1416"}],"curies":[{"name":"wp","href":"https:\/\/api.w.org\/{rel}","templated":true}]}}