{"id":1082,"date":"2014-05-31T02:19:02","date_gmt":"2014-05-31T05:19:02","guid":{"rendered":"http:\/\/alltimefics.com\/adote\/?page_id=1082"},"modified":"2024-07-26T23:33:53","modified_gmt":"2024-07-27T02:33:53","slug":"ideias-121-a-130","status":"publish","type":"page","link":"https:\/\/espacocriativo.net\/adote\/disponiveis\/ideias-121-a-130\/","title":{"rendered":"Ideias \u00bb #121 a #130"},"content":{"rendered":"<p style=\"text-align: center;\">Antes de adotar, confira as <a href=\"https:\/\/espacocriativo.net\/adote\/?page_id=609\">regras do jogo<\/a>.<\/p>\n<p style=\"text-align: center;\"><a href=\"#121\">#121<\/a> | <a href=\"#122\">#122<\/a> | <a href=\"#123\">#123<\/a> | <a href=\"#124\">#124<\/a> | <a href=\"#125\">#125<\/a> | <a href=\"#126\">#126<\/a> | <a href=\"#127\">#127<\/a> | <a href=\"#128\">#128<\/a> | <a href=\"#129\">#129<\/a> | <a href=\"#130\">#130<\/a><\/p>\n<hr \/>\n<h2 align=\"center\">Ideia #121<\/h2>\n<p><a name=\"121\"><\/a><strong>Doada por <a href=\"https:\/\/twitter.com\/pussycoputa\" target=\"_blank\" rel=\"noopener noreferrer\">Ally Dellafield<\/a>.<\/strong><br \/>\n<strong>Resumo:<\/strong> A hist\u00f3ria se passaria em Las Vegas, onde haveria um famoso clube de strip-tease, no qual rola de tudo, at\u00e9 sexo grupal e sadomasoquismo. A PP (Personagem Principal) seria uma stripper e tamb\u00e9m dominadora em sexo BDSM, uma s\u00e1dica de carteirinha. Muitas mortes aconteceriam e isso acabaria chamando a aten\u00e7\u00e3o da imprensa. Mas h\u00e1 um problema: a stripper em si \u00e9 conhecida por n\u00e3o exibir o rosto em suas performances, sempre se utiliza de nomes falsos e &#8220;disfarces&#8221;. O PP \u00e9 um jornalista investigativo que acaba sendo chamado para cobrir a mat\u00e9ria e se passa por cliente do tal lugar. Mas h\u00e1 um problema: ele odeia prostitutas pelo fato de elas lembrarem muito sua m\u00e3e, que muito o maltratou na inf\u00e2ncia. E com a aproxima\u00e7\u00e3o da tal garota, ele se percebe sendo t\u00e3o insano e imoral quanto a pp.<br \/>\n<strong>Fandom:<\/strong> Livre<br \/>\n<strong>G\u00eanero:<\/strong> Drama \/ Policial \/ Restrita<br \/>\n<strong>Nota:<\/strong> \u00c9 uma fic um tanto pesada e exige bastante conhecimento sobre BDSM, vale cenas restritas, pode pegar pesado tanto nas cenas quanto nos vocabul\u00e1rios, se solta mesmo. S\u00f3 o que n\u00e3o \u00e9 permitido \u00e9 excesso de mela\u00e7\u00e3o\u2026<br \/>\n<strong>Sugest\u00f5es:<\/strong> Pesquisar sobre sadomasoquismo.<br \/>\n<strong>Contato:<\/strong> <a href=\"mailto:contatoallyfics@gmail.com\">E-mail<\/a> | <a href=\"https:\/\/twitter.com\/pussycoputa\" target=\"_blank\" rel=\"noopener noreferrer\">Twitter<\/a><\/p>\n<p style=\"text-align: center;\"><strong>Para adotar, complete o formul\u00e1rio a seguir: <a href=\"https:\/\/espacocriativo.net\/adote\/?page_id=594\">Link<\/a><\/strong><\/p>\n<hr \/>\n<h2 align=\"center\">Ideia #122<\/h2>\n<p><a name=\"112\"><\/a><strong>Doada por <a href=\"https:\/\/twitter.com\/pussycoputa\" target=\"_blank\" rel=\"noopener noreferrer\">Ally Dellafield<\/a>.<\/strong><br \/>\n<strong>Resumo:<\/strong> A pp (Personagem Principal) \u00e9 a t\u00edpica garota-problema e metaleira: bebe, fuma, utiliza drogas e \u00e9 a t\u00edpica heartbreaker; se envolve com os garotos, os seduz e depois os descarta, s\u00f3 lembrando da exist\u00eancia deles quando quer um favor. Sua maior &#8220;paix\u00e3o&#8221; \u00e9 metal, motos, rock e &#8216;le parkour&#8217;. Mas \u00e9 filha de uma fam\u00edlia tradicional e super religiosa e conservadoral. O pp, um ex-delinquente, cheio de passagens pela pol\u00edcia por vandalismo, uso de drogas, tentativas de homic\u00eddios, agressividade, mas est\u00e1 buscando um recome\u00e7o em sua vida. Est\u00e1 noivo de uma garota certinha, meiga, bela e fofa, padr\u00e3o que os pais querem para seus filhos. Ao conhecer a pp, experimentam uma r\u00e1pida identifica\u00e7\u00e3o e uma grande amizade surge entre ambos. Amizade esta que se torna cada vez mais intensa e a namorada do pp sempre morre de ci\u00fames da amizade deste com a pp, e sempre diz que ela n\u00e3o \u00e9 &#8220;boa influ\u00eancia&#8221;. Eles sempre garantiram que nunca passariam de amizade e realmente acreditavam nisso, at\u00e9 uma festa na qual estavam drogados e no dia seguinte acordam ao lado um do outro na cama sem se lembrar de nada. A partir da\u00ed, as coisas come\u00e7am a ficar mais sexuais entre os dois e come\u00e7am uma &#8220;amizade colorida&#8221;, a fazer apostas estilo filme Segundas Inten\u00e7\u00f5es. S\u00f3 que o que n\u00e3o contavam \u00e9 que acabariam se apaixonando perdidamente. A pp arruma um namorado, mas continua traindo com o pp, quando o namorado tra\u00eddo descobre, sequestra a pp e come\u00e7a a tortur\u00e1-la.<br \/>\n<strong>Fandom:<\/strong> Livre<br \/>\n<strong>G\u00eanero:<\/strong> Restrita \/ Romance \/ Drama<br \/>\n<strong>Nota:<\/strong> Uso de drogas, sexo, descri\u00e7\u00e3o de tortura ou deixar subentendido&#8230;<br \/>\n<strong>Sugest\u00f5es:<\/strong> O segundo pp \u00e9 um cara que aparentemente \u00e9 bonzinho, mas depois se revela um doente e obcecado.<br \/>\n<strong>Contato:<\/strong> <a href=\"mailto:contatoallyfics@gmail.com\">E-mail<\/a> | <a href=\"https:\/\/twitter.com\/pussycoputa\" target=\"_blank\" rel=\"noopener noreferrer\">Twitter<\/a><\/p>\n<p style=\"text-align: center;\"><strong>Para adotar, complete o formul\u00e1rio a seguir: <a href=\"https:\/\/espacocriativo.net\/adote\/?page_id=594\">Link<\/a><\/strong><\/p>\n<hr \/>\n<h2 align=\"center\">Ideia #123<\/h2>\n<p><a name=\"123\"><\/a><strong>Doada por <i>Tae<\/i>.<\/strong><br \/>\n<strong>Resumo:<\/strong> Ele \u00e9 um piloto de drift, t\u00edpico riquinho que nunca precisou se preocupar com dinheiro na vida; melhor amigo do irm\u00e3o de sua amiga, a principal e a amiga v\u00e3o a um campeonato de drift convidadas pelo principal. A amiga fica apaixonada por ele fazendo a principal tornar-se uma esp\u00e9cie de cupido, por\u00e9m, o garoto acaba gostando dela com o tempo, mesmo sendo muito irritante com seu temperamento egoc\u00eantrico, prop\u00f5e para que a principal (que \u00e9 estudante de eletromec\u00e2nica) ajud\u00e1-lo em um projeto de montagem de um carro, o que ocasionalmente aproxima os dois mais e mais. Ser\u00e1 que ela vai esquecer que seu trabalho era s\u00f3 ser cupido?<br \/>\n<strong>Fandom:<\/strong> Outros \/ Original<br \/>\n<strong>G\u00eanero:<\/strong> Restrita \/ Romance \/ Drama<br \/>\n<strong>Nota:<\/strong> *A principal n\u00e3o \u00e9 d\u00f3zinha, \u00e9 durona e n\u00e3o estava nem a\u00ed se os outros gostam ou n\u00e3o dela.<br \/>\n*A &#8220;amiga&#8221; da principal pode fazer de tudo para acabar com o romance dos dois.<br \/>\n*O principal \u00e9 muito irritante, mas no fundo \u00e9 uma pessoa gentil.<br \/>\n<strong>Sugest\u00f5es:<\/strong> Seria legal se pudesse tornar interativa o pa\u00eds e a cidade em que se passa a maior parte da hist\u00f3ria.<br \/>\n<strong>Contato:<\/strong> <a href=\"mailto:tha.deymo@hotmail.com\">E-mail<\/a><\/p>\n<p style=\"text-align: center;\"><strong>Para adotar, complete o formul\u00e1rio a seguir: <a href=\"https:\/\/espacocriativo.net\/adote\/?page_id=594\">Link<\/a><\/strong><\/p>\n<hr \/>\n<h2 align=\"center\">Ideia #124<\/h2>\n<p><a name=\"124\"><\/a><strong>Doada por <i>Thamires<\/i>.<\/strong><br \/>\n<strong>Resumo:<\/strong> Um homem extremamente confuso diz ser gay. Acaba de adotar duas meninas do orfanato que ele trabalhava. Seu ex melhor amigo trabalha numa produtora que ele nem lembrava que existia. Reencontram-se e depois de um tempo ele aceita trabalhar com seu amigo, ele sendo seu produtor. Na mesma produtora existe uma mulher, tamb\u00e9m produtora, que (por coincid\u00eancia ou n\u00e3o) produz uma outra dupla que, supostamente, eram amigos do pp e do produtor dele na adolesc\u00eancia. Todos se aproximam e acaba que o pp se v\u00ea numa enrascada: o pai de uma das meninas adotadas reaparece para tirar proveito da nova situa\u00e7\u00e3o financeira dele. Na justi\u00e7a pela segunda vez, ele vence mas por ajuda de sua melhor amiga, a pp. Depois de toda a reviravolta ele suspeita estar enganado pela sua sexualidade mais uma vez. Ser\u00e1 que ele realmente \u00e9 homossexual ou estaria apaixonado por ela?<br \/>\n<strong>Fandom:<\/strong> Uma banda de quatro integrantes<br \/>\n<strong>G\u00eanero:<\/strong> Com\u00e9dia Rom\u00e2ntica<br \/>\n<strong>Nota:<\/strong> Comecei a escrever a hist\u00f3ria com os integrantes do McFLY mas prefiri repassa-la. Queria manter contato com quem adotar a ideia porque realmente \u00e9 uma fic que eu adoraria ler. H\u00e1 mais detalhes e posso passa-los para quem adota-la.<br \/>\n<strong>Contato:<\/strong> <a href=\"mailto:th.sanchis@gmail.com\">E-mail<\/a><br \/>\n<strong>Sugest\u00e3o:<\/strong> Na &#8220;hist\u00f3ria imaginada&#8221;, o pp descobre que est\u00e1 apaixonado pela pp e fica com ela. Durante a hist\u00f3ria o pensamento dele muda constantemente sobre tudo. Um verdadeiro confuso de carteirinha. Passar-se em algum lugar dos Estados Unidos, mas tamb\u00e9m sugiro Austr\u00e1lia.<\/p>\n<p style=\"text-align: center;\"><strong>Para adotar, complete o formul\u00e1rio a seguir: <a href=\"https:\/\/espacocriativo.net\/adote\/?page_id=594\">Link<\/a><\/strong><\/p>\n<hr \/>\n<h2 align=\"center\">Ideia #125<\/h2>\n<p><a name=\"125\"><\/a><strong>Doada por <i>Nayara<\/i>.<\/strong><br \/>\n<strong>Resumo:<\/strong> Pode ser interativa ou n\u00e3o, a autora que escolhe.<br \/>\nA garota \u00e9 da realeza, por\u00e9m \u00e9 muito problem\u00e1tica, detesta o castelo que mora e o t\u00edtulo que leva de princesa. Ela fuma, bebe, promove festas e os pais j\u00e1 n\u00e3o sabem mais o que fazer. At\u00e9 a chegada de um amigo da fam\u00edlia. O cara \u00e9 o dobro da idade da principal, amigo de inf\u00e2ncia do pai da garota, mas isso n\u00e3o a impede de se apaixonar por ele.<br \/>\nAgora \u00e9 de responsabilidade dele colocar essa menina na linha j\u00e1 que parece ser o \u00fanico ser vivo que ela escuta realmente. O pai da menina \u00e9 conservador e logo o principal descobre que ela j\u00e1 est\u00e1 prometida a outro pr\u00edncipe e sabe que isso n\u00e3o dar\u00e1 certo.<br \/>\nO tempo dele \u00e9 pouco e ele se pega completamente apaixonado por ela tamb\u00e9m, o pai da garota est\u00e1 desconfiado da rela\u00e7\u00e3o dos dois.<br \/>\nEle ter\u00e1 que decidir, mas ela n\u00e3o \u00e9 uma dama, n\u00e3o vai ficar calada.<br \/>\nA garota ent\u00e3o decide, se ele deix\u00e1-la ela nunca mais ser\u00e1 vista.<br \/>\nE agora? Qual \u00e9 a decis\u00e3o dele? No que vai dar?<br \/>\n<strong>Fandom:<\/strong> Vejo como The Vampire Diaries, mas pode ser Livre se o autor quiser.<br \/>\n<strong>G\u00eanero:<\/strong> Romance \/ Com\u00e9dia<br \/>\n<strong>Nota:<\/strong> &#8212;<br \/>\n<strong>Sugest\u00f5es:<\/strong> A rela\u00e7\u00e3o deles n\u00e3o pode ser morna, ela \u00e9 uma garota problema e ele s\u00f3 se v\u00ea apaixonado depois de muita sedu\u00e7\u00e3o.<br \/>\nRestrita \u00e9 a melhor op\u00e7\u00e3o.<br \/>\n<strong>Contato:<\/strong> <a href=\"mailto:slytherin90899@gmail.com\">E-mail<\/a><\/p>\n<p style=\"text-align: center;\"><strong>Para adotar, complete o formul\u00e1rio a seguir: <a href=\"https:\/\/espacocriativo.net\/adote\/?page_id=594\">Link<\/a><\/strong><\/p>\n<hr \/>\n<h2 align=\"center\">Ideia #126<\/h2>\n<p><a name=\"126\"><\/a><strong>Doada por <i>Julio<\/i>.<\/strong><br \/>\n<strong>Resumo:<\/strong> Ela \u00e9 uma ladra extraordin\u00e1ria, tem m\u00e3os leves e consegue sempre o que quer. \u00c9 sensual, manipuladora e tentadora. Ela faz parte de uma equipe de contrabando, os &#8220;t\u00e3n\u00e3n\u00e3&#8221; (voc\u00ea escolhe o nome do grupo, por\u00e9m tem que ser significativo), sendo a l\u00edder deles.<br \/>\nEle \u00e9 O melhor agente do FBI, e o mais novo caso dele e de sua equipe, \u00e9 conseguir prender os &#8220;t\u00e3n\u00e3n\u00e3&#8221;. Desejado por todas e grosso, tem um QI fora do normal. Anos atr\u00e1s ele entrou numa situa\u00e7\u00e3o fatal, mas fora salvado pela l\u00edder do grupo de quem ele quer prender.<br \/>\nQuando eles se trombam pela primeira vez na persegui\u00e7\u00e3o, ele n\u00e3o a prende e a deixa fugir. Depois de tantos conselhos, de tantos dramas e de tantas brigas, ele consegue enxergar que os dois s\u00e3o iguais e decidem trabalhar juntos.<br \/>\nA equipe dele, do FBI, se junta com a equipe do contrabando dela para matar os dois de uma s\u00f3 vez. Os lobos tra\u00edram sua matilha.<br \/>\n<strong>Fandom:<\/strong> Outros \/ Original<br \/>\n<strong>G\u00eanero:<\/strong> Romance \/ Policial \/ Restrita<br \/>\n<strong>Nota:<\/strong> &#8212;<br \/>\n<strong>Sugest\u00f5es:<\/strong> Quando os principais se unem, est\u00e3o perdidos, est\u00e3o sozinhos, e n\u00e3o podem ter a ajuda de ningu\u00e9m, eles v\u00e3o se virar.<br \/>\n<strong>Contato:<\/strong> <a href=\"mailto:catjulinho@outlook.com\">E-mail<\/a><\/p>\n<p style=\"text-align: center;\"><strong>Para adotar, complete o formul\u00e1rio a seguir: <a href=\"https:\/\/espacocriativo.net\/adote\/?page_id=594\">Link<\/a><\/strong><\/p>\n<hr \/>\n<h2 align=\"center\">Ideia #127<\/h2>\n<p><a name=\"127\"><\/a><strong>Doada por <i>Julio<\/i>.<\/strong><br \/>\n<strong>Resumo:<\/strong> Ela, desde seus doze anos conversava com um amigo virtual via Skype (n\u00e3o \u00e9 o principal), que tinha quinze anos. Todos os dias de sua vida, ela conversava com ele no Skype, eles riam, brincavam e conversavam normalmente, mas sempre por mensagem, sem c\u00e2mera nem microfone. Ela mora na zona urbana do pa\u00eds dela, e ele, no interior. Numa certa conversa, depois de um ano de amizade via Skype, ela diz que suas amigas eram gordinhas e feias, assim, numa conversa normal, a\u00ed ele manda o facebook de um amigo dele, o principal, ela at\u00e9 se interessa, mas depois acorda &#8220;Qual \u00e9, eu tenho treze anos e ele dezesseis \u00ac\u00ac&#8221;.<br \/>\nTr\u00eas anos depois, ela com 16 anos e o amigo dela com 19 resolvem se encontrar, ela vai at\u00e9 o interior, at\u00e9 porque ela iria se mudar para l\u00e1 mesmo com a fam\u00edlia, e l\u00e1 ela encontra o amigo, eles saem, at\u00e9 que depois de um tempo, o amigo dele, agora cara a cara, aparece para jogar videogame na casa dele (nota que ela e o amigo moram juntos, como best friends, os pais dela aprovaram, mas iriam visit\u00e1-la pelo menos uma vez na semana) e v\u00ea ela, os dois sentem atra\u00e7\u00e3o um pelo outro e decidem investir.<br \/>\nNum encontro casual entre amigos, eles percebem que s\u00e3o super diferentes e tem nada ver um com o outro.<br \/>\n&#8211; Ela adora m\u00fasica.<br \/>\n&#8211; Ele odeia m\u00fasica.<br \/>\n&#8211; Ela n\u00e3o gosta de organiza\u00e7\u00e3o.<br \/>\n&#8211; Ela \u00e9 organizado.<br \/>\n&#8211; Ela \u00e9 silenciosa.<br \/>\n&#8211; Ele \u00e9 barulhento.<br \/>\nE, juntos, v\u00e3o ter que sofrer pelas zoa\u00e7\u00f5es e investidas do amigo deles e de sua namorada \u2013 do amigo. Por exemplo: o amigo e a namorada dele (que virou melhor amiga dela) v\u00e3o prender os dois juntos em uma sala apertada sendo que o principal \u00e9 claustrof\u00f3bico. V\u00e3o faz\u00ea-los ficarem b\u00eabados s\u00f3 para se beijarem e se pegarem (etc..)<br \/>\n<strong>Fandom:<\/strong> Livre<br \/>\n<strong>G\u00eanero:<\/strong> Romance \/ Com\u00e9dia<br \/>\n<strong>Nota:<\/strong> Seria legal mostrar as conversas dele e dela no Skype ao longo dos tempos. E, n\u00e3o escrever tudo politicamente correto, porque todo mundo sabe que todo mundo fala em siglas, e t\u00e1 nem ai pra pontua\u00e7\u00e3o, e s\u00f3 quer saber de zoeira.<br \/>\n<strong>Sugest\u00f5es:<\/strong> &#8212;<br \/>\n<strong>Contato:<\/strong> <a href=\"mailto:anna_wonderl4nd@hotmail.com\">E-mail<\/a><\/p>\n<p style=\"text-align: center;\"><strong>Para adotar, complete o formul\u00e1rio a seguir: <a href=\"https:\/\/espacocriativo.net\/adote\/?page_id=594\">Link<\/a><\/strong><\/p>\n<hr \/>\n<h2 align=\"center\">Ideia #128<\/h2>\n<p><a name=\"128\"><\/a><strong>Doada por <i>Nayara<\/i>.<\/strong><br \/>\n<strong>Resumo:<\/strong> A principal \u00e9 uma garota problem\u00e1tica que tem muitos problemas com drogas e bebida, por\u00e9m depois que foge do internato onde morava e rouba um barco na praia da Fl\u00f3rida e vai parar em Narnia logo depois de se afogar percebe que nenhum dos seus v\u00edcios ter\u00e3o chance naquele lugar.<br \/>\nEla conhece, no mesmo dia o Rei Caspian X que a transforma em princesa das Ilhas Solit\u00e1rias de modo que como todo humano vindo do mundo dos reis fosse nobre. Algo para n\u00e3o perder a tradi\u00e7\u00e3o.<br \/>\nMais existe um por\u00e9m; ela n\u00e3o gosta da nobreza e logo cria uma forte rixa com Caspian, que se recusa a desistir de torn\u00e1-la uma dama. As tentativas se revelam falhas quando ela se mostra mais inclinada para o t\u00edtulos de Princesa Amazona do que realmente das Ilhas do Rei.<br \/>\nEles brigam muito e depois de um tempo Caspian desiste de tentar, \u00e9 ent\u00e3o que as coisas mudam e ela se transforma na mulher mais cort\u00eas do que a pr\u00f3pria rainha Susana, conquistando por restante o cora\u00e7\u00e3o do Rei de Narnia.<br \/>\n<strong>Fandom:<\/strong> Livros \u2013 As Cr\u00f4nicas de Narnia<br \/>\n<strong>G\u00eanero:<\/strong> Romance \/ Viol\u00eancia<br \/>\n<strong>Sugest\u00f5es:<\/strong> Caspian n\u00e3o \u00e9, tecnicamente o rei dela, ent\u00e3o ela n\u00e3o \u00e9 obrigada a cham\u00e1-lo de meu rei ou algo parecido, mas para dar um pouco de mais de din\u00e2mica opte por ela cham\u00e1-lo pelo nome diretamente, assim vai deixar todos de boca aberta.<br \/>\nSe ele eleg\u00ea-la como Amazona depois de uma guerra (que ela pode participar sem a autoriza\u00e7\u00e3o dele) ficar\u00e1 mais interessante quando eles fizeram as pazes e se apaixonarem, pois amazonas n\u00e3o podem se casar. E ele tamb\u00e9m pode mencionar Susana com uma frequ\u00eancia exagerada, irritando a principal.<br \/>\n<strong>Nota:<\/strong> Fa\u00e7a-os serem muito avessos \u00e1 presen\u00e7a um do outro, para dar din\u00e2mica \u00e1 fanfic.<br \/>\n<strong>Contato:<\/strong> <a href=\"mailto:slytherin90899@gmail.com\">E-mail<\/a><\/p>\n<p style=\"text-align: center;\"><strong>Para adotar, complete o formul\u00e1rio a seguir: <a href=\"https:\/\/espacocriativo.net\/adote\/?page_id=594\">Link<\/a><\/strong><\/p>\n<hr \/>\n<h2 align=\"center\">Ideia #129<\/h2>\n<p><a name=\"129\"><\/a><strong>Doada por <a href=\"https:\/\/twitter.com\/oneddlm\" target=\"_blank\" rel=\"noopener noreferrer\">Anna Karolina<\/a>.<\/strong><br \/>\n<strong>Resumo:<\/strong> O principal faz parte de uma banda, mas percebe que os f\u00e3s e at\u00e9 os amigos de banda n\u00e3o gostam muito dele, o que pode ser real ou da imagina\u00e7\u00e3o do pr\u00f3prio; at\u00e9 que um dia ele encontra a principal. N\u00e3o quero que ele se apaixone do nada, quero uma hist\u00f3ria que leve a isso; pode ser que no come\u00e7o eles n\u00e3o se gostem, a principal tem que ser achada pelo principal, n\u00e3o \u00e9 como se um amigo da banda chegasse nele e a apresentasse, a principal faz parte de uma fam\u00edlia onde o pai \u00e9 drogado e a m\u00e3e prostituta, mas ela mente e fala que os pais moram em outro lugar e s\u00e3o perfeitos, ela mente todos os problemas para deixar o principal bem.<br \/>\nA fic tem que ser ligada mais para a auto-ajuda, romance, e com\u00e9dia (claro).<br \/>\n<strong>Fandom:<\/strong> Precisa ser uma banda<br \/>\n<strong>G\u00eanero:<\/strong> Romance \/ Com\u00e9dia \/ Drama<br \/>\n<strong>Nota:<\/strong> O nome da fic pode ser &#8220;Do You Like Me&#8221;, pode ou n\u00e3o ser interativa, mas se for, quero espa\u00e7o para os da banda (se n\u00e3o forem fixos) e a principal, porque ningu\u00e9m merece ter que ficar respondendo 1000 perguntas), eles tem que ter em base de 19\/20 anos.<br \/>\n<strong>Sugest\u00f5es:<\/strong> Estava pensando em uma fic bem dram\u00e1tica (tipico de uma garota que faz teatro), POR FAVOR n\u00e3o fa\u00e7a ningu\u00e9m se mutilar, modinha de mais pro meu sangue, ia ser legal se voc\u00ea fizesse capa, bem drama e dark sabe.<br \/>\n<strong>Contato:<\/strong> <a href=\"mailto:karol_mercia@hotmail.com\">E-mail<\/a> | <a href=\"https:\/\/twitter.com\/oneddlm\" target=\"_blank\" rel=\"noopener noreferrer\">Twitter<\/a><\/p>\n<p style=\"text-align: center;\"><strong>Para adotar, complete o formul\u00e1rio a seguir: <a href=\"https:\/\/espacocriativo.net\/adote\/?page_id=594\">Link<\/a><\/strong><\/p>\n<hr \/>\n<h2 align=\"center\">Ideia #130<\/h2>\n<p><a name=\"130\"><\/a><strong>Doada por <a href=\"http:\/\/twitter.com\/zaysmalk\" target=\"_blank\" rel=\"noopener noreferrer\">B\u00ea Santana<\/a>.<\/strong><br \/>\n<strong>Resumo:<\/strong> Jovens entre 16 e 18 anos se mudam para Los Angeles por diferentes motivos e l\u00e1 acabam por se conhecer. Nessa hist\u00f3ria tudo poderia ser normal, a n\u00e3o ser pelo fato de eles terem problemas s\u00e9rios, que na maioria dos casos \u00e9 um segredo. Um tem bulimia, outro tem problemas com drogas e etc. Mas diante de tantos problemas (que ser\u00e3o causados na maioria das vezes por conta de rebeldias), eles percebem que a for\u00e7a que precisam, na verdade, est\u00e1 dentro um do outro.<br \/>\n<strong>Fandom:<\/strong> One Direction \/ McFLY \/ Magcon<br \/>\n<strong>G\u00eanero:<\/strong> Romance \/ Com\u00e9dia \/ Drama<br \/>\n<strong>Nota:<\/strong> O ideal seria escrever essa fanfic com uma banda ou algo do tipo, pela quantidade de pessoas. Pode ser a One Direction, McFly ou at\u00e9 mesmo a Magcon, se achar melhor. Quando eu tentei escrever, as personagens femininas eram originais, mas se preferir pode usar uma banda tamb\u00e9m. A quantidade de jovens ser\u00e1 decidida por quem adotar.<br \/>\n<strong>Sugest\u00f5es:<\/strong> No come\u00e7o da fanfic, o nome dela era &#8220;City Of Angels&#8221;, mas se n\u00e3o quiser utilizar esse nome, pode criar outro. Ah, por favor, pe\u00e7o que quem for adotar a ideia trabalhe bem nos problemas pessoais de cada um deles. E por favor, entre em contato comigo, pois eu quero acompanhar a hist\u00f3ria.<br \/>\n<strong>Contato:<\/strong> <a href=\"mailto:bianca.santthana02@gmail.com\">E-mail<\/a> | <a href=\"https:\/\/twitter.com\/zaysmalk\" target=\"_blank\" rel=\"noopener noreferrer\">Twitter<\/a><\/p>\n<p style=\"text-align: center;\"><strong>Para adotar, complete o formul\u00e1rio a seguir: <a href=\"https:\/\/espacocriativo.net\/adote\/?page_id=594\">Link<\/a><\/strong><\/p>\n","protected":false},"excerpt":{"rendered":"<p>Antes de adotar, confira as regras do jogo. #121 | #122 | #123 | #124 | #125 | #126 | [&hellip;]<\/p>\n","protected":false},"author":2,"featured_media":0,"parent":606,"menu_order":0,"comment_status":"closed","ping_status":"closed","template":"iframe.php","meta":{"_acf_changed":false,"footnotes":""},"class_list":["post-1082","page","type-page","status-publish","hentry"],"acf":[],"_links":{"self":[{"href":"https:\/\/espacocriativo.net\/adote\/wp-json\/wp\/v2\/pages\/1082","targetHints":{"allow":["GET"]}}],"collection":[{"href":"https:\/\/espacocriativo.net\/adote\/wp-json\/wp\/v2\/pages"}],"about":[{"href":"https:\/\/espacocriativo.net\/adote\/wp-json\/wp\/v2\/types\/page"}],"author":[{"embeddable":true,"href":"https:\/\/espacocriativo.net\/adote\/wp-json\/wp\/v2\/users\/2"}],"replies":[{"embeddable":true,"href":"https:\/\/espacocriativo.net\/adote\/wp-json\/wp\/v2\/comments?post=1082"}],"version-history":[{"count":1,"href":"https:\/\/espacocriativo.net\/adote\/wp-json\/wp\/v2\/pages\/1082\/revisions"}],"predecessor-version":[{"id":8022,"href":"https:\/\/espacocriativo.net\/adote\/wp-json\/wp\/v2\/pages\/1082\/revisions\/8022"}],"up":[{"embeddable":true,"href":"https:\/\/espacocriativo.net\/adote\/wp-json\/wp\/v2\/pages\/606"}],"wp:attachment":[{"href":"https:\/\/espacocriativo.net\/adote\/wp-json\/wp\/v2\/media?parent=1082"}],"curies":[{"name":"wp","href":"https:\/\/api.w.org\/{rel}","templated":true}]}}