{"id":9141,"date":"2025-12-07T15:19:29","date_gmt":"2025-12-07T18:19:29","guid":{"rendered":"https:\/\/espacocriativo.net\/acervo\/historia\/historia-sem-nome\/rascunho-automatico\/"},"modified":"2025-12-07T15:20:06","modified_gmt":"2025-12-07T18:20:06","slug":"prologo","status":"publish","type":"capitular","link":"https:\/\/espacocriativo.net\/acervo\/historia\/modo-insano-de-amar\/prologo\/","title":{"rendered":"Pr\u00f3logo"},"content":{"rendered":"\r\n<p>\u2003\u2003<em>Quarta-feira. <\/em><br>\u2003\u2003<em>Casa de %Melissa%.<\/em><\/p>\r\n<p>\u2003\u2003<span class=\"versalete\">Eu at\u00e9 tentei n\u00e3o<\/span> pensar no quanto eu me sentia livre, mas de alguma forma estranha, aquilo me corro\u00eda. Era para eu me sentir t\u00e3o bem? Certamente n\u00e3o, se o caso fosse de amor genu\u00edno. Mas quando voc\u00ea passa tempo demais em algo de menos, n\u00e3o tem outra forma de se sentir. T\u00e9rminos \u00e0s vezes s\u00e3o liberta\u00e7\u00f5es. Eu poderia n\u00e3o compreender isso antes, mas agora compreendo.<br>\u2003\u2003A \u00fanica coisa que eu n\u00e3o compreendia era o que o %Jonas% estaria fazendo para n\u00e3o me responder aquela noite. N\u00e3o que ele devesse algo a mim, mas era estranho que ele, solteiro, n\u00e3o estivesse dispon\u00edvel para uma conversinha que fosse com a melhor amiga!<\/p>\r\n<p align=\"center\"><img decoding=\"async\" src=\"https:\/\/espacocriativo.net\/web\/m\/modoinsanodeamar\/imagens\/chat1.png\" width=\"360\"><\/p>\r\n<p align=\"right\"><em>Quarta feira.<\/em><br>\u2003\u2003<em>Casa de %Joe%.<\/em><\/p>\r\n<p>\u2003\u2003Eu odiava fazer parte daquelas reuni\u00f5es do pessoal do trabalho. N\u00e3o era pelas pessoas, mas pelo fato de sempre falarem de trabalho mesmo num momento onde era claro: n\u00e3o dever\u00edamos falar daquilo. Um grupo de workaholics, era o que todos eram! E gra\u00e7as ao assunto chato sobre como a senhorita Madeleine andava cada vez mais fazendo falta, j\u00e1 que o trabalho estava acumulado no setor abaixo do nosso, eu decidi sair de perto com a desculpa de ir ao banheiro. E se n\u00e3o fosse aquilo, eu n\u00e3o encontraria o babaca do David. Definitivamente ele n\u00e3o merecia a %Mel%! E que bom que eu o encontrei, pois al\u00e9m das not\u00edcias, eu percebi naquele momento que meu celular estava desligado por falta de bateria. Senti a necessidade de voltar imediatamente para casa! Sei l\u00e1, vai que ela entrou em contato comigo?<br>\u2003\u2003Dito e feito! Infelizmente, s\u00f3 pude me jogar na cama e tentar dormir depois de perceber que ela n\u00e3o me responderia naquele hor\u00e1rio. Mas, felizmente, foi ela a primeira pessoa a falar comigo na manh\u00e3 do outro dia.<\/p>\r\n<p align=\"center\"><img decoding=\"async\" src=\"https:\/\/espacocriativo.net\/web\/m\/modoinsanodeamar\/imagens\/chat2.png\" width=\"360\"><\/p>\r\n","protected":false},"excerpt":{"rendered":"<p>\u2003\u2003Quarta-feira. \u2003\u2003Casa de %Melissa%. Quarta feira.\u2003\u2003Casa de %Joe%.<\/p>\n","protected":false},"author":8,"featured_media":0,"parent":0,"comment_status":"open","ping_status":"closed","template":"","format":"standard","meta":{"_acf_changed":true,"_monsterinsights_skip_tracking":false,"_monsterinsights_sitenote_active":false,"_monsterinsights_sitenote_note":"","_monsterinsights_sitenote_category":0,"ngg_post_thumbnail":0},"historias":[2418],"class_list":["post-9141","capitular","type-capitular","status-publish","format-standard","hentry","historias-modo-insano-de-amar"],"acf":[],"_links":{"self":[{"href":"https:\/\/espacocriativo.net\/acervo\/wp-json\/wp\/v2\/capitular\/9141","targetHints":{"allow":["GET"]}}],"collection":[{"href":"https:\/\/espacocriativo.net\/acervo\/wp-json\/wp\/v2\/capitular"}],"about":[{"href":"https:\/\/espacocriativo.net\/acervo\/wp-json\/wp\/v2\/types\/capitular"}],"author":[{"embeddable":true,"href":"https:\/\/espacocriativo.net\/acervo\/wp-json\/wp\/v2\/users\/8"}],"replies":[{"embeddable":true,"href":"https:\/\/espacocriativo.net\/acervo\/wp-json\/wp\/v2\/comments?post=9141"}],"wp:attachment":[{"href":"https:\/\/espacocriativo.net\/acervo\/wp-json\/wp\/v2\/media?parent=9141"}],"wp:term":[{"taxonomy":"historias","embeddable":true,"href":"https:\/\/espacocriativo.net\/acervo\/wp-json\/wp\/v2\/historias?post=9141"}],"curies":[{"name":"wp","href":"https:\/\/api.w.org\/{rel}","templated":true}]}}

Prólogo

<p>  <em>Quarta-feira. </em><br>  <em>Casa de %Melissa%.</em></p>
<p>  <span class="versalete">Eu até tentei não</span> pensar no quanto eu me sentia livre, mas de alguma forma estranha, aquilo me corroía. Era para eu me sentir tão bem? Certamente não, se o caso fosse de amor genuíno. Mas quando você passa tempo demais em algo de menos, não tem outra forma de se sentir. Términos às vezes são libertações. Eu poderia não compreender isso antes, mas agora compreendo.<br>  A única coisa que eu não compreendia era o que o %Jonas% estaria fazendo para não me responder aquela noite. Não que ele devesse algo a mim, mas era estranho que ele, solteiro, não estivesse disponível para uma conversinha que fosse com a melhor amiga!</p>
<p align="center"><img decoding="async" src="https://espacocriativo.net/web/m/modoinsanodeamar/imagens/chat1.png" width="360"></p>
<p align="right"><em>Quarta feira.</em><br>  <em>Casa de %Joe%.</em></p>
<p>  Eu odiava fazer parte daquelas reuniões do pessoal do trabalho. Não era pelas pessoas, mas pelo fato de sempre falarem de trabalho mesmo num momento onde era claro: não deveríamos falar daquilo. Um grupo de workaholics, era o que todos eram! E graças ao assunto chato sobre como a senhorita Madeleine andava cada vez mais fazendo falta, já que o trabalho estava acumulado no setor abaixo do nosso, eu decidi sair de perto com a desculpa de ir ao banheiro. E se não fosse aquilo, eu não encontraria o babaca do David. Definitivamente ele não merecia a %Mel%! E que bom que eu o encontrei, pois além das notícias, eu percebi naquele momento que meu celular estava desligado por falta de bateria. Senti a necessidade de voltar imediatamente para casa! Sei lá, vai que ela entrou em contato comigo?<br>  Dito e feito! Infelizmente, só pude me jogar na cama e tentar dormir depois de perceber que ela não me responderia naquele horário. Mas, felizmente, foi ela a primeira pessoa a falar comigo na manhã do outro dia.</p>
<p align="center"><img decoding="async" src="https://espacocriativo.net/web/m/modoinsanodeamar/imagens/chat2.png" width="360"></p>
