{"id":2243,"date":"2022-07-08T18:04:00","date_gmt":"2022-07-08T21:04:00","guid":{"rendered":"https:\/\/espacocriativo.net\/acervo\/historia\/historia-sem-nome\/rascunho-automatico\/"},"modified":"2025-09-20T10:23:23","modified_gmt":"2025-09-20T13:23:23","slug":"capitulo-1","status":"publish","type":"capitular","link":"https:\/\/espacocriativo.net\/acervo\/historia\/arco-1-a-vila-da-casa-bellerose\/capitulo-1\/","title":{"rendered":"Cap\u00edtulo 1"},"content":{"rendered":"\n<p><span class=\"versalete\">\u2003\u2003\u2014 Finalmente, o \u00faltimo cap\u00edtulo<\/span> foi postado!<br>\u2003\u2003Desci do \u00f4nibus com os olhos vidrados no meu celular, j\u00e1 salvando nos meus favoritos o cap\u00edtulo mais aguardado de um de meus <abbr class=\"tooltips\" title=\"\u00e9 o nome para mang\u00e1s coreanos.\"><em>manhwas<\/em><\/abbr> favoritos. Sem prestar muita aten\u00e7\u00e3o no caminho, andei o mais r\u00e1pido que consegui para chegar em casa e ter um tempinho antes de ter que ir para o meu outro emprego. Como sou liberada somente meia-noite e o cansa\u00e7o do dia se acumula, n\u00e3o tenho for\u00e7as para postergar a minha t\u00e3o adorada leitura, ainda mais na reta final. E a ansiedade n\u00e3o me daria um descanso \u2014 a curiosidade sempre fala mais alto \u2013, todavia, sou respons\u00e1vel o bastante para saber que ler enquanto ando n\u00e3o \u00e9 a melhor combina\u00e7\u00e3o. Alguns acidentes durante os \u00faltimos meses haviam ocorrido tanto por pedestres quanto por motoristas que n\u00e3o desgrudavam de seus celulares, ent\u00e3o, sendo um bom exemplo, logo guardei o meu e me chamei de hip\u00f3crita, soltando uma risada abafada. Vinte minutos se passaram e pude avistar a fachada antiga do pr\u00e9dio de onde eu moro, e observei que a senhoria estava na porta juntamente de seu neto. Por ser filha \u00fanica \u2014 e abandonada por ambos os pais \u2013, cresci sempre querendo ter um irm\u00e3o mais novo ou algu\u00e9m que pudesse compartilhar todas as novidades, e assim que me mudei para esse lugar, fui acolhida pela dona e \u00e0s vezes eu trabalhava como bab\u00e1 de seu neto, que at\u00e9 me chamava de irm\u00e3 mais velha. Cumprimentei os dois e corri pelas escadas, alcancei minha porta e girei a ma\u00e7aneta com certa pressa, j\u00e1 tirando minhas roupas pelo trajeto e indo tomar um banho. Na parte da manh\u00e3 todos os meus pertences para mais tarde j\u00e1 estavam organizados, me dando meia hora a mais para saborear um sandu\u00edche e entregar a minha aten\u00e7\u00e3o para a <em>\u201cVil\u00e3 Da Casa Bellerose\u201d<\/em>. Vesti meu pijama e arrumei a minha escrivaninha, liguei o notebook e abri a p\u00e1gina da hist\u00f3ria, dando in\u00edcio ao final.<br>\u2003\u2003\u2014 Realmente, eu mal posso esperar para ver a conclus\u00e3o!<\/p>\n<p align=\"center\"><strong>*<\/strong><\/p>\n<p>\u2003\u2003\u2014 Isso eu n\u00e3o aceito! \u2014 exclamei irritadamente pegando minha bolsa. \u2014 A hist\u00f3ria \u00e9 t\u00e3o boa, mas por que o final da Arabella foi t\u00e3o tr\u00e1gico? Claro, ela \u00e9 taxada como vil\u00e3, \u00f3bvio que teria um final ruim, por\u00e9m\u2026 Ela sofreu mais que todos ali! \u2014 Joguei meu travesseiro na cama e suspirei fundo, enxugando as l\u00e1grimas do meu rosto e caminhei para as escadas, mais uma vez.<br>\u2003\u2003\u2014 J\u00e1 saindo para o trabalho, Akira? \u2014 A senhoria sorriu. \u2014 V\u00e1 com cuidado, filha.<br>\u2003\u2003\u2014 Obrigada, senhora Yoko! Nos vemos mais tarde, Yuri!<br>\u2003\u2003Com o aceno do pequeno, segui para mais uma andada de meia hora at\u00e9 o meu destino e fui tentando digerir tudo o que aconteceu nesse \u00faltimo cap\u00edtulo. Por mais triste que eu esteja pela morte da Arabella, fiquei feliz por ter acompanhado a sua hist\u00f3ria, quase como se eu fosse uma amiga pr\u00f3xima sua. <em>Os cen\u00e1rios, os personagens, o plot!<\/em> Tudo foi t\u00e3o bem elaborado e escrito, al\u00e9m de que o tra\u00e7o da autora \u00e9 t\u00e3o bonito que me deixou mais apaixonada ainda pelo manhwa!Quando uma colega da faculdade me indicou, eu n\u00e3o esperava ficar t\u00e3o animada, e c\u00e1 estou, com meus pensamentos todos voltados \u00e0 hist\u00f3ria e sem acreditar que acabou. A autora disse que n\u00e3o pretende fazer nenhuma <abbr class=\"tooltips\" title=\"\u00e9 uma hist\u00f3ria paralela da hist\u00f3ria principal, geralmente focando em personagens secund\u00e1rios.\"><em>side story<\/em><\/abbr> e que prefere imaginar que seus personagens prosseguiram os seus caminhos por si pr\u00f3prios, restando para n\u00f3s, meros leitores mortais, criar teorias sem respostas para o futuro deles. Entretanto, algumas d\u00favidas restaram, mas, quando percebi, estava dando boa noite para o meu chefe e pondo o meu avental.<br>\u2003\u2003Depois de cinco horas estocando as prateleiras, atendendo clientes e fazendo levantamento dos produtos, pendurei o avental e me despedi dos meus colegas e superiores, que iam para o lado contr\u00e1rio do meu. Como os \u00f4nibus haviam parado de rodar, aproveitei de mais uma caminhada e o que ela tinha para oferecer: a brisa fresca e o sil\u00eancio. Um \u00f3timo momento para criar hip\u00f3teses sobre a hist\u00f3ria e suas pontas soltas, enquanto eu observo as folhas que ca\u00edam das \u00e1rvores por conta da esta\u00e7\u00e3o.<br>\u2003\u2003Minha mente absorvia in\u00fameras ideias que eu ia tendo, e aproveitei para checar as mensagens ao esperar o sinal fechar. Grupos da faculdade falando sobre as provas e sms com promo\u00e7\u00f5es de mercado, uma ou outra atualiza\u00e7\u00e3o de colegas nas redes sociais e, para ser sincera, nada muito interessante. Olhei para ambos os lados e atravessei a larga e praticamente deserta rua, ainda sem superar a hist\u00f3ria e pensando em entrar nos f\u00f3runs para comentar sobre com outras pessoas. Entretanto, o meu entusiasmo foi substitu\u00eddo por uma dor absurda e uma escurid\u00e3o, e as \u00faltimas palavras que escutei foram \u201caguente firme, estou chamando a ambul\u00e2ncia para voc\u00ea\u201d.<br>\u2003\u2003\u2014 Quem \u00e9 que deixa a janela de um hospital aberta?<br>\u2003\u2003A primeira coisa que senti foi um frio terr\u00edvel. Era como se fosse inverno e eu estivesse vestindo roupas que usavam durante o ver\u00e3o, e a primeira rea\u00e7\u00e3o que tive foi procurar por cobertas, mas o que achei foi um len\u00e7ol remendado. Minha vis\u00e3o estava um pouco borrada e, ao tentar levantar, percebi que n\u00e3o tinha for\u00e7as na perna e ca\u00ed no ch\u00e3o. Tateei at\u00e9 encontrar algo que pudesse ajudar a me sustentar, e quando consegui enxergar claramente o meu reflexo no espelho, um arrepio tomou conta do meu corpo. A imagem \u00e0 frente definitivamente n\u00e3o correspondia ao que eu estava acostumada; o quarto n\u00e3o era de um hospital, e sim de uma <em>casa<\/em> que eu conhecia como a <em>palma da minha m\u00e3o.<\/em><br>\u2003\u2003\u2014 Cabelo longo vermelho, olhos dourados e um vestido rasgado verde\u2026 \u2014 Levei meus dedos para minhas bochechas, apertando-as sem piedade. \u2014 Eu me tornei&#8230; a <strong><em>Arabella<\/em><\/strong>?!<\/p>\n","protected":false},"excerpt":{"rendered":"<p>*<\/p>\n","protected":false},"author":5,"featured_media":0,"parent":0,"comment_status":"open","ping_status":"closed","template":"","format":"standard","meta":{"_acf_changed":false,"_monsterinsights_skip_tracking":false,"_monsterinsights_sitenote_active":false,"_monsterinsights_sitenote_note":"","_monsterinsights_sitenote_category":0,"ngg_post_thumbnail":0},"historias":[1002],"class_list":["post-2243","capitular","type-capitular","status-publish","format-standard","hentry","historias-arco-1-a-vila-da-casa-bellerose"],"acf":[],"_links":{"self":[{"href":"https:\/\/espacocriativo.net\/acervo\/wp-json\/wp\/v2\/capitular\/2243","targetHints":{"allow":["GET"]}}],"collection":[{"href":"https:\/\/espacocriativo.net\/acervo\/wp-json\/wp\/v2\/capitular"}],"about":[{"href":"https:\/\/espacocriativo.net\/acervo\/wp-json\/wp\/v2\/types\/capitular"}],"author":[{"embeddable":true,"href":"https:\/\/espacocriativo.net\/acervo\/wp-json\/wp\/v2\/users\/5"}],"replies":[{"embeddable":true,"href":"https:\/\/espacocriativo.net\/acervo\/wp-json\/wp\/v2\/comments?post=2243"}],"wp:attachment":[{"href":"https:\/\/espacocriativo.net\/acervo\/wp-json\/wp\/v2\/media?parent=2243"}],"wp:term":[{"taxonomy":"historias","embeddable":true,"href":"https:\/\/espacocriativo.net\/acervo\/wp-json\/wp\/v2\/historias?post=2243"}],"curies":[{"name":"wp","href":"https:\/\/api.w.org\/{rel}","templated":true}]}}

Capítulo 1

<p><span class="versalete">  — Finalmente, o último capítulo</span> foi postado!<br>  Desci do ônibus com os olhos vidrados no meu celular, já salvando nos meus favoritos o capítulo mais aguardado de um de meus <abbr class="tooltips" title="é o nome para mangás coreanos."><em>manhwas</em></abbr> favoritos. Sem prestar muita atenção no caminho, andei o mais rápido que consegui para chegar em casa e ter um tempinho antes de ter que ir para o meu outro emprego. Como sou liberada somente meia-noite e o cansaço do dia se acumula, não tenho forças para postergar a minha tão adorada leitura, ainda mais na reta final. E a ansiedade não me daria um descanso — a curiosidade sempre fala mais alto –, todavia, sou responsável o bastante para saber que ler enquanto ando não é a melhor combinação. Alguns acidentes durante os últimos meses haviam ocorrido tanto por pedestres quanto por motoristas que não desgrudavam de seus celulares, então, sendo um bom exemplo, logo guardei o meu e me chamei de hipócrita, soltando uma risada abafada. Vinte minutos se passaram e pude avistar a fachada antiga do prédio de onde eu moro, e observei que a senhoria estava na porta juntamente de seu neto. Por ser filha única — e abandonada por ambos os pais –, cresci sempre querendo ter um irmão mais novo ou alguém que pudesse compartilhar todas as novidades, e assim que me mudei para esse lugar, fui acolhida pela dona e às vezes eu trabalhava como babá de seu neto, que até me chamava de irmã mais velha. Cumprimentei os dois e corri pelas escadas, alcancei minha porta e girei a maçaneta com certa pressa, já tirando minhas roupas pelo trajeto e indo tomar um banho. Na parte da manhã todos os meus pertences para mais tarde já estavam organizados, me dando meia hora a mais para saborear um sanduíche e entregar a minha atenção para a <em>“Vilã Da Casa Bellerose”</em>. Vesti meu pijama e arrumei a minha escrivaninha, liguei o notebook e abri a página da história, dando início ao final.<br>  — Realmente, eu mal posso esperar para ver a conclusão!</p>
<p align="center"><strong>*</strong></p>
<p>  — Isso eu não aceito! — exclamei irritadamente pegando minha bolsa. — A história é tão boa, mas por que o final da Arabella foi tão trágico? Claro, ela é taxada como vilã, óbvio que teria um final ruim, porém… Ela sofreu mais que todos ali! — Joguei meu travesseiro na cama e suspirei fundo, enxugando as lágrimas do meu rosto e caminhei para as escadas, mais uma vez.<br>  — Já saindo para o trabalho, Akira? — A senhoria sorriu. — Vá com cuidado, filha.<br>  — Obrigada, senhora Yoko! Nos vemos mais tarde, Yuri!<br>  Com o aceno do pequeno, segui para mais uma andada de meia hora até o meu destino e fui tentando digerir tudo o que aconteceu nesse último capítulo. Por mais triste que eu esteja pela morte da Arabella, fiquei feliz por ter acompanhado a sua história, quase como se eu fosse uma amiga próxima sua. <em>Os cenários, os personagens, o plot!</em> Tudo foi tão bem elaborado e escrito, além de que o traço da autora é tão bonito que me deixou mais apaixonada ainda pelo manhwa!Quando uma colega da faculdade me indicou, eu não esperava ficar tão animada, e cá estou, com meus pensamentos todos voltados à história e sem acreditar que acabou. A autora disse que não pretende fazer nenhuma <abbr class="tooltips" title="é uma história paralela da história principal, geralmente focando em personagens secundários."><em>side story</em></abbr> e que prefere imaginar que seus personagens prosseguiram os seus caminhos por si próprios, restando para nós, meros leitores mortais, criar teorias sem respostas para o futuro deles. Entretanto, algumas dúvidas restaram, mas, quando percebi, estava dando boa noite para o meu chefe e pondo o meu avental.<br>  Depois de cinco horas estocando as prateleiras, atendendo clientes e fazendo levantamento dos produtos, pendurei o avental e me despedi dos meus colegas e superiores, que iam para o lado contrário do meu. Como os ônibus haviam parado de rodar, aproveitei de mais uma caminhada e o que ela tinha para oferecer: a brisa fresca e o silêncio. Um ótimo momento para criar hipóteses sobre a história e suas pontas soltas, enquanto eu observo as folhas que caíam das árvores por conta da estação.<br>  Minha mente absorvia inúmeras ideias que eu ia tendo, e aproveitei para checar as mensagens ao esperar o sinal fechar. Grupos da faculdade falando sobre as provas e sms com promoções de mercado, uma ou outra atualização de colegas nas redes sociais e, para ser sincera, nada muito interessante. Olhei para ambos os lados e atravessei a larga e praticamente deserta rua, ainda sem superar a história e pensando em entrar nos fóruns para comentar sobre com outras pessoas. Entretanto, o meu entusiasmo foi substituído por uma dor absurda e uma escuridão, e as últimas palavras que escutei foram “aguente firme, estou chamando a ambulância para você”.<br>  — Quem é que deixa a janela de um hospital aberta?<br>  A primeira coisa que senti foi um frio terrível. Era como se fosse inverno e eu estivesse vestindo roupas que usavam durante o verão, e a primeira reação que tive foi procurar por cobertas, mas o que achei foi um lençol remendado. Minha visão estava um pouco borrada e, ao tentar levantar, percebi que não tinha forças na perna e caí no chão. Tateei até encontrar algo que pudesse ajudar a me sustentar, e quando consegui enxergar claramente o meu reflexo no espelho, um arrepio tomou conta do meu corpo. A imagem à frente definitivamente não correspondia ao que eu estava acostumada; o quarto não era de um hospital, e sim de uma <em>casa</em> que eu conhecia como a <em>palma da minha mão.</em><br>  — Cabelo longo vermelho, olhos dourados e um vestido rasgado verde… — Levei meus dedos para minhas bochechas, apertando-as sem piedade. — Eu me tornei&#8230; a <strong><em>Arabella</em></strong>?!</p>
