{"id":2201,"date":"2020-06-12T19:30:00","date_gmt":"2020-06-12T22:30:00","guid":{"rendered":"https:\/\/espacocriativo.net\/acervo\/historia\/historia-sem-nome\/rascunho-automatico\/"},"modified":"2025-11-14T16:45:41","modified_gmt":"2025-11-14T19:45:41","slug":"capitulo-3","status":"publish","type":"capitular","link":"https:\/\/espacocriativo.net\/acervo\/historia\/a-garota-das-borboletas\/capitulo-3\/","title":{"rendered":"3"},"content":{"rendered":"\r\n<p><span class=\"capitular1\">H<\/span>avia alguns dias que Kamui tinha visitado a estranha garota das borboletas pela primeira vez. O <em>obentou<\/em> que ela havia lhe providenciado para aquele dia ele fez com que durasse por muito mais tempo. Claro que grande parte tinha sido para a m\u00e3e, ela estava se recuperando e agora j\u00e1 tinha voltado ao trabalho, mas por ainda estar um tanto fraca, ela estava recebendo muito menos que o normal, que j\u00e1 n\u00e3o era muita coisa. O menino continuou a sair de casa para procurar algu\u00e9m que o empregasse. Ele precisava ajudar a m\u00e3e!<br>\u2003\u2003Estava procurando por algumas frutinhas para comer na hora do almo\u00e7o quando se lembrou de Shiori, a garota das borboletas. Ser\u00e1 que algum dos alde\u00f5es a conhecia? Ele ainda n\u00e3o havia tido a chance de conversar sobre isso com a m\u00e3e, mas estava curioso. Kamui olhou para o lado, para um dos galhos finos da \u00e1rvore na qual tinha escalado \u00e0 procura de frutas. Ali estava uma borboleta azul pousada tranquilamente.<em> \u201cCaso se perca, siga as borboletas\u201d<\/em>, foi o que a garota na floresta tinha dito.<br>\u2003\u2003Ele n\u00e3o estava perdido e nem precisando de ajuda, mas estava curioso sobre Shiori.<br>\u2003\u2003\u2014 Hei, borboleta\u2026 \u2014 murmurou baixinho se inclinando cuidadosamente em sua dire\u00e7\u00e3o para n\u00e3o a espantar. \u2014 Voc\u00ea \u00e9 uma das amigas da senhorita Shiori? \u2014 perguntou.<br>\u2003\u2003Ele se sentiu um pouco bobo por estar falando com um inseto e por um momento ter esperado que ele o respondesse com palavras. Era s\u00f3 uma borboleta! Mas assim que terminou de pensar aquilo, as asas azuis da borboleta come\u00e7aram a se mexer, pronta para al\u00e7ar voo. Ao perceber \u2014 e sem entender muito bem o porqu\u00ea \u2014 que ela logo voaria, Kamui desceu \u00e0s pressas da \u00e1rvore e olhou para cima. A borboleta estava voando, mas parecia estar esperando por ele. O menino agradeceu mentalmente por isso.<br>\u2003\u2003Ele perseguiu a borboleta por um longo caminho com uma alegria que sequer sabia de onde havia surgido. Manteve seu olhar fixo no pequeno ponto azul \u00e0 sua frente e s\u00f3 percebeu que tinha chegado ao seu destino quando ouviu um cantarolar animado que vinha de uma clareira j\u00e1 conhecida.<br>\u2003\u2003Kamui se deteve onde estava. Ele n\u00e3o sabia se era bem-vindo naquele instante. Da primeira vez em que encontrou a garota das borboletas ela havia sido muito simp\u00e1tica e cordial, mas ela poderia n\u00e3o querer companhia naquele dia. E se ela fosse a bruxa que todos falavam e s\u00f3 o tivesse atra\u00eddo para lhe fazer mal daquela vez?<br>\u2003\u2003\u2014 N\u00e3o seja bobo, Kamui-kun. \u2014 Ele ouviu a voz fina da dona da cabana no meio daquela clareira ecoar. \u2014 Eu n\u00e3o sou bruxa e j\u00e1 disse que adoro companhia! \u2014 Ele viu a garota de cal\u00e7as surgir pela porta de sua casinha e acenar em sua dire\u00e7\u00e3o.<br>\u2003\u2003O menino prendeu a respira\u00e7\u00e3o como quem tinha acabado de ser flagrado fazendo algo muito ruim, mas ent\u00e3o seu c\u00e9rebro deixou o susto passar e seu racioc\u00ednio volto.<br>\u2003\u2003\u2014 Como \u00e9 que sabe o que acabei de pensar?! \u2014 exclamou apontando acusadoramente para a garota. \u2014 Eu n\u00e3o disse em voz alta.<br>\u2003\u2003Shiori pendeu a cabe\u00e7a para um lado parecendo um tanto pensativa.<br>\u2003\u2003\u2014 N\u00e3o falou? \u2014 perguntou por fim.<br>\u2003\u2003\u2014 N\u00e3o!<br>\u2003\u2003\u2014 Oh, bem, ent\u00e3o vamos fingir que voc\u00ea falou. \u2014 Ela piscou de forma marota. \u2014 Quer entrar para comer alguma coisa?<br>\u2003\u2003Kamui balan\u00e7ou a cabe\u00e7a negando.<br>\u2003\u2003\u2014 Ser\u00e1 que pode me ajudar com algumas coisas? \u2014 Shiori perguntou sorrindo.<br>\u2003\u2003O menino a encarou desconfiado.<br>\u2003\u2003\u2014 Preciso de ajuda com as plantas \u2014 ela explicou \u2014, pode reg\u00e1-las para mim?<br>\u2003\u2003O menino Murakami avaliou a express\u00e3o da menina ainda desconfiado, mas se aproximou um pouco mais.<br>\u2003\u2003\u2014 Voc\u00ea me conta por que mora aqui na floresta sozinha?<br>\u2003\u2003Shiori o encarou por um tempo de forma pensativa, como se avaliasse se ele era de confian\u00e7a ou n\u00e3o.<br>\u2003\u2003\u2014 Eu posso pensar no seu caso, pequeno Kamui \u2014 ela disse finalmente. \u2014 Mas precisa me ajudar com as plantas primeiro. \u2014 Apontou para um balde com \u00e1gua e Kamui concordou, a curiosidade falando mais alto em seu interior.<\/p>\r\n","protected":false},"excerpt":{"rendered":"","protected":false},"author":1,"featured_media":0,"parent":0,"comment_status":"open","ping_status":"closed","template":"","format":"standard","meta":{"_acf_changed":true,"_monsterinsights_skip_tracking":false,"_monsterinsights_sitenote_active":false,"_monsterinsights_sitenote_note":"","_monsterinsights_sitenote_category":0,"ngg_post_thumbnail":0},"historias":[935],"class_list":["post-2201","capitular","type-capitular","status-publish","format-standard","hentry","historias-a-garota-das-borboletas"],"acf":[],"_links":{"self":[{"href":"https:\/\/espacocriativo.net\/acervo\/wp-json\/wp\/v2\/capitular\/2201","targetHints":{"allow":["GET"]}}],"collection":[{"href":"https:\/\/espacocriativo.net\/acervo\/wp-json\/wp\/v2\/capitular"}],"about":[{"href":"https:\/\/espacocriativo.net\/acervo\/wp-json\/wp\/v2\/types\/capitular"}],"author":[{"embeddable":true,"href":"https:\/\/espacocriativo.net\/acervo\/wp-json\/wp\/v2\/users\/1"}],"replies":[{"embeddable":true,"href":"https:\/\/espacocriativo.net\/acervo\/wp-json\/wp\/v2\/comments?post=2201"}],"wp:attachment":[{"href":"https:\/\/espacocriativo.net\/acervo\/wp-json\/wp\/v2\/media?parent=2201"}],"wp:term":[{"taxonomy":"historias","embeddable":true,"href":"https:\/\/espacocriativo.net\/acervo\/wp-json\/wp\/v2\/historias?post=2201"}],"curies":[{"name":"wp","href":"https:\/\/api.w.org\/{rel}","templated":true}]}}

<p><span class="capitular1">H</span>avia alguns dias que Kamui tinha visitado a estranha garota das borboletas pela primeira vez. O <em>obentou</em> que ela havia lhe providenciado para aquele dia ele fez com que durasse por muito mais tempo. Claro que grande parte tinha sido para a mãe, ela estava se recuperando e agora já tinha voltado ao trabalho, mas por ainda estar um tanto fraca, ela estava recebendo muito menos que o normal, que já não era muita coisa. O menino continuou a sair de casa para procurar alguém que o empregasse. Ele precisava ajudar a mãe!<br>  Estava procurando por algumas frutinhas para comer na hora do almoço quando se lembrou de Shiori, a garota das borboletas. Será que algum dos aldeões a conhecia? Ele ainda não havia tido a chance de conversar sobre isso com a mãe, mas estava curioso. Kamui olhou para o lado, para um dos galhos finos da árvore na qual tinha escalado à procura de frutas. Ali estava uma borboleta azul pousada tranquilamente.<em> “Caso se perca, siga as borboletas”</em>, foi o que a garota na floresta tinha dito.<br>  Ele não estava perdido e nem precisando de ajuda, mas estava curioso sobre Shiori.<br>  — Hei, borboleta… — murmurou baixinho se inclinando cuidadosamente em sua direção para não a espantar. — Você é uma das amigas da senhorita Shiori? — perguntou.<br>  Ele se sentiu um pouco bobo por estar falando com um inseto e por um momento ter esperado que ele o respondesse com palavras. Era só uma borboleta! Mas assim que terminou de pensar aquilo, as asas azuis da borboleta começaram a se mexer, pronta para alçar voo. Ao perceber — e sem entender muito bem o porquê — que ela logo voaria, Kamui desceu às pressas da árvore e olhou para cima. A borboleta estava voando, mas parecia estar esperando por ele. O menino agradeceu mentalmente por isso.<br>  Ele perseguiu a borboleta por um longo caminho com uma alegria que sequer sabia de onde havia surgido. Manteve seu olhar fixo no pequeno ponto azul à sua frente e só percebeu que tinha chegado ao seu destino quando ouviu um cantarolar animado que vinha de uma clareira já conhecida.<br>  Kamui se deteve onde estava. Ele não sabia se era bem-vindo naquele instante. Da primeira vez em que encontrou a garota das borboletas ela havia sido muito simpática e cordial, mas ela poderia não querer companhia naquele dia. E se ela fosse a bruxa que todos falavam e só o tivesse atraído para lhe fazer mal daquela vez?<br>  — Não seja bobo, Kamui-kun. — Ele ouviu a voz fina da dona da cabana no meio daquela clareira ecoar. — Eu não sou bruxa e já disse que adoro companhia! — Ele viu a garota de calças surgir pela porta de sua casinha e acenar em sua direção.<br>  O menino prendeu a respiração como quem tinha acabado de ser flagrado fazendo algo muito ruim, mas então seu cérebro deixou o susto passar e seu raciocínio volto.<br>  — Como é que sabe o que acabei de pensar?! — exclamou apontando acusadoramente para a garota. — Eu não disse em voz alta.<br>  Shiori pendeu a cabeça para um lado parecendo um tanto pensativa.<br>  — Não falou? — perguntou por fim.<br>  — Não!<br>  — Oh, bem, então vamos fingir que você falou. — Ela piscou de forma marota. — Quer entrar para comer alguma coisa?<br>  Kamui balançou a cabeça negando.<br>  — Será que pode me ajudar com algumas coisas? — Shiori perguntou sorrindo.<br>  O menino a encarou desconfiado.<br>  — Preciso de ajuda com as plantas — ela explicou —, pode regá-las para mim?<br>  O menino Murakami avaliou a expressão da menina ainda desconfiado, mas se aproximou um pouco mais.<br>  — Você me conta por que mora aqui na floresta sozinha?<br>  Shiori o encarou por um tempo de forma pensativa, como se avaliasse se ele era de confiança ou não.<br>  — Eu posso pensar no seu caso, pequeno Kamui — ela disse finalmente. — Mas precisa me ajudar com as plantas primeiro. — Apontou para um balde com água e Kamui concordou, a curiosidade falando mais alto em seu interior.</p>
