{"id":2188,"date":"2024-02-20T17:40:00","date_gmt":"2024-02-20T20:40:00","guid":{"rendered":"https:\/\/espacocriativo.net\/acervo\/historia\/historia-sem-nome\/rascunho-automatico\/"},"modified":"2026-03-27T12:01:17","modified_gmt":"2026-03-27T15:01:17","slug":"capitulo-4","status":"publish","type":"capitular","link":"https:\/\/espacocriativo.net\/acervo\/historia\/a-fox-with-two-tails\/capitulo-4\/","title":{"rendered":"Cap\u00edtulo 4"},"content":{"rendered":"\n<p>\u2003\u2003<span class=\"versalete\">O \u201cmais tarde\u201d da<\/span> princesa acabou se tornando o dia seguinte. Aparentemente, o corpo do fe\u00e9rico estava bastante debilitado por causa do veneno da tal criatura que o atacara. Lucien n\u00e3o tinha muito mais o que fazer depois de ter enviado uma mensagem \u2014 que s\u00f3 o Caldeir\u00e3o poderia dizer se chegaria a tempo \u2014 \u00e0 Corte Noturna informando o ocorrido, ent\u00e3o decidiu aceitar o convite da mulher-raposa, %Nami%, para visitar as terras de Shinrin.<br>\u2003\u2003A mulher, antes de sair das propriedades da fam\u00edlia soberana, transformou-se em sua vers\u00e3o raposa. Agora que o gr\u00e3o-fe\u00e9rico estava totalmente l\u00facido e sem o perigo de morrer a qualquer momento, ele conseguiu prestar aten\u00e7\u00e3o na forma do animal. Era uma raposa maior do que as habituais, com uma postura majestosa. Seus pelos tinham um tom branco que parecia reluzir com a luz, os olhos eram caramelos, mas vez ou outra pareciam brilhar num tom roxo&#8230; mas o que realmente intrigou o fe\u00e9rico foi o fato de aquela raposa possuir <em>duas caudas<\/em>.<br>\u2003\u2003<em>\u201cMe acompanhe, Lucien Vanserra\u201d<\/em> a voz de %Nami% pareceu ecoar em algum lugar da mente do habitante de Prythian que se sobressaltou. Um riso divertido soou logo em seguida. <em>\u201cDesculpe, me esqueci de que as coisas funcionam um pouco diferente por aqui.\u201d<\/em> A voz da princesa soou novamente.<br>\u2003\u2003Lucien encarou a raposa alva com express\u00e3o de espanto. Ele estava <em>mesmo<\/em> ouvindo o que ela dizia? <em>Aquilo<\/em> n\u00e3o era t\u00e3o normal, mesmo entre a sua esp\u00e9cie.<br>\u2003\u2003<em>\u201cAqui em Shinrin, aqueles com la\u00e7os de parceria conseguem se comunicar de forma mais f\u00e1cil\u201d<\/em> %Nami% explicou. <em>\u201cTalvez seja um pouco dif\u00edcil para eu conseguir captar a sua ess\u00eancia j\u00e1 que n\u00e3o est\u00e1 acostumado com esse tipo de comunica\u00e7\u00e3o, mas me esfor\u00e7arei.\u201d<\/em><br>\u2003\u2003O gr\u00e3o-fe\u00e9rico ainda estava um tanto atordoado quando a raposa come\u00e7ou a caminhar em dire\u00e7\u00e3o ao p\u00e9 da montanha em que estavam, em dire\u00e7\u00e3o ao que parecia ser uma pequena vila. Vanserra a acompanhou calado, ainda desconfiado sobre toda essa quest\u00e3o de parceria, sua mente vagando automaticamente em dire\u00e7\u00e3o a Elain.<br>\u2003\u2003Quando chegaram \u00e0 vila, uma leve surpresa tomou conta do fe\u00e9rico, sensa\u00e7\u00e3o essa que n\u00e3o passou despercebida pela sua \u201cnova\u201d parceira.<br>\u2003\u2003<em>\u201cAqui em Shinrin n\u00f3s vivemos em plena harmonia com os humanos\u201d<\/em> murmurou a raposa sem olhar para ele. <em>\u201cN\u00f3s, kitsunes, os mantemos a salvo de ataques m\u00e1gicos e eles nos auxiliam com suas tecnologias estranhas\u201d<\/em>.<br>\u2003\u2003Lucien nunca tinha ouvido falar sobre aquele tipo de conviv\u00eancia humana-fe\u00e9rica no Continente. Em Prythian, definitivamente, aquilo n\u00e3o era algo alcan\u00e7\u00e1vel, pelo menos n\u00e3o naquele instante. Os humanos de sua terra temiam terrivelmente o poder dos fe\u00e9ricos e os fe\u00e9ricos enxergavam a maioria dos humanos como desinteressantes e inferiores.<br>\u2003\u2003<em>E quanto \u00e0s outras esp\u00e9cies de criaturas?<\/em> O fe\u00e9rico queria perguntar, mas ainda n\u00e3o sabia ao certo o que deveria fazer para alcan\u00e7ar a mente de sua guia em Shinrin.<br>\u2003\u2003Lucien ouviu o riso caracter\u00edstico da mulher-raposa e seus olhos automaticamente se voltaram para ela.<br>\u2003\u2003<em>\u201cSomos mais ou menos como voc\u00eas em Prythian. Somos divididos em alguns territ\u00f3rios, cortes, se preferir, e convivemos em harmonia tanto quanto poss\u00edvel.\u201d<\/em> A resposta veio mesmo sem ter havido uma pergunta propriamente.<br>\u2003\u2003Os humanos daquela vila pareciam tranquilos em rela\u00e7\u00e3o aos seres m\u00edsticos que andavam livremente entre eles. A maioria dos <em>kitsunes<\/em> caminhavam em suas formas <em>quase<\/em> humanas.<br>\u2003\u2003<em>\u201cSomos vaidosas, Lucien Vanserra de Prythian. Muitas de n\u00f3s, quando estamos com humanos, preferimos deixar alguma coisa de nossas raposas a mostra.\u201d<\/em><br>\u2003\u2003Na multid\u00e3o de humanos e <em>kitsunes<\/em>, os seres m\u00edsticos s\u00f3 se destacavam porque deixavam a mostra suas orelhas triangulares acima da cabe\u00e7a ou suas caudas exuberantes, fora aquilo, poderiam ser confundidos tranquilamente com qualquer humano comum.<br>\u2003\u2003Enquanto passavam pela vila, as pessoas iam abrindo caminho para a majestosa raposa branca que liderava o caminho, muitos dos moradores do lugar faziam pequenas mesuras na dire\u00e7\u00e3o da princesa que parecia retribuir os cumprimentos com a cabe\u00e7a. Quanto a Lucien, os seres \u2014 humanos e raposas \u2014 tamb\u00e9m o cumprimentavam, mas permaneciam com o olhar curioso seguindo-o a todo momento, n\u00e3o pareciam hostis, no entanto.<br>\u2003\u2003O fe\u00e9rico se questionou por que a princesa havia optado por sua forma de raposa e n\u00e3o humana como todos os outros&#8230;<br>\u2003\u2003<em>\u201cMe sinto mais confort\u00e1vel assim\u201d<\/em> explicou a princesa <em>kistune<\/em> de forma simples. <em>\u201cE tamb\u00e9m gosto de lembrar, tanto a humanos quanto aos meus, o que sou.\u201d<\/em><br>\u2003\u2003Lucien assentiu, podia entender em partes o racioc\u00ednio da soberana de Shinrin. Ela n\u00e3o queria ser vista como uma amea\u00e7a, mas ao mesmo tempo n\u00e3o podia permitir que esquecessem <em>o que<\/em> ela era.<br>\u2003\u2003<em>\u201cSe conseguirem me respeitar, principalmente os humanos, em minha forma de raposa, certamente conseguir\u00e3o lidar com minha forma humana\u201d<\/em> %Nami% murmurou mais uma vez. Vanserra tinha suas d\u00favidas quanto a isso, mas aquele lugar era desconhecido para ele, n\u00e3o tinha muito ao que se agarrar para contestar, a n\u00e3o ser suas pr\u00f3prias experi\u00eancias do outro lado do oceano.<br>\u2003\u2003Ao chegarem a um certo ponto do vilarejo, %Nami% voltou a se transformar em sua forma humana, diferente dos outros, n\u00e3o havia sinal de orelhas pontudas ou caudas, talvez a \u00fanica coisa que a denunciasse fossem os olhos que, da mesma forma que sua raposa, brilhavam num tom leve de roxo.<br>\u2003\u2003\u2014 Bem-vindo ao meu reino, Lucien Vanserra.<\/p>\n","protected":false},"excerpt":{"rendered":"","protected":false},"author":1,"featured_media":0,"parent":0,"comment_status":"open","ping_status":"closed","template":"","format":"standard","meta":{"_acf_changed":false,"_monsterinsights_skip_tracking":false,"_monsterinsights_sitenote_active":false,"_monsterinsights_sitenote_note":"","_monsterinsights_sitenote_category":0,"ngg_post_thumbnail":0},"historias":[931],"class_list":["post-2188","capitular","type-capitular","status-publish","format-standard","hentry","historias-a-fox-with-two-tails"],"acf":[],"_links":{"self":[{"href":"https:\/\/espacocriativo.net\/acervo\/wp-json\/wp\/v2\/capitular\/2188","targetHints":{"allow":["GET"]}}],"collection":[{"href":"https:\/\/espacocriativo.net\/acervo\/wp-json\/wp\/v2\/capitular"}],"about":[{"href":"https:\/\/espacocriativo.net\/acervo\/wp-json\/wp\/v2\/types\/capitular"}],"author":[{"embeddable":true,"href":"https:\/\/espacocriativo.net\/acervo\/wp-json\/wp\/v2\/users\/1"}],"replies":[{"embeddable":true,"href":"https:\/\/espacocriativo.net\/acervo\/wp-json\/wp\/v2\/comments?post=2188"}],"wp:attachment":[{"href":"https:\/\/espacocriativo.net\/acervo\/wp-json\/wp\/v2\/media?parent=2188"}],"wp:term":[{"taxonomy":"historias","embeddable":true,"href":"https:\/\/espacocriativo.net\/acervo\/wp-json\/wp\/v2\/historias?post=2188"}],"curies":[{"name":"wp","href":"https:\/\/api.w.org\/{rel}","templated":true}]}}

Capítulo 4

<p>  <span class="versalete">O “mais tarde” da</span> princesa acabou se tornando o dia seguinte. Aparentemente, o corpo do feérico estava bastante debilitado por causa do veneno da tal criatura que o atacara. Lucien não tinha muito mais o que fazer depois de ter enviado uma mensagem — que só o Caldeirão poderia dizer se chegaria a tempo — à Corte Noturna informando o ocorrido, então decidiu aceitar o convite da mulher-raposa, %Nami%, para visitar as terras de Shinrin.<br>  A mulher, antes de sair das propriedades da família soberana, transformou-se em sua versão raposa. Agora que o grão-feérico estava totalmente lúcido e sem o perigo de morrer a qualquer momento, ele conseguiu prestar atenção na forma do animal. Era uma raposa maior do que as habituais, com uma postura majestosa. Seus pelos tinham um tom branco que parecia reluzir com a luz, os olhos eram caramelos, mas vez ou outra pareciam brilhar num tom roxo&#8230; mas o que realmente intrigou o feérico foi o fato de aquela raposa possuir <em>duas caudas</em>.<br>  <em>“Me acompanhe, Lucien Vanserra”</em> a voz de %Nami% pareceu ecoar em algum lugar da mente do habitante de Prythian que se sobressaltou. Um riso divertido soou logo em seguida. <em>“Desculpe, me esqueci de que as coisas funcionam um pouco diferente por aqui.”</em> A voz da princesa soou novamente.<br>  Lucien encarou a raposa alva com expressão de espanto. Ele estava <em>mesmo</em> ouvindo o que ela dizia? <em>Aquilo</em> não era tão normal, mesmo entre a sua espécie.<br>  <em>“Aqui em Shinrin, aqueles com laços de parceria conseguem se comunicar de forma mais fácil”</em> %Nami% explicou. <em>“Talvez seja um pouco difícil para eu conseguir captar a sua essência já que não está acostumado com esse tipo de comunicação, mas me esforçarei.”</em><br>  O grão-feérico ainda estava um tanto atordoado quando a raposa começou a caminhar em direção ao pé da montanha em que estavam, em direção ao que parecia ser uma pequena vila. Vanserra a acompanhou calado, ainda desconfiado sobre toda essa questão de parceria, sua mente vagando automaticamente em direção a Elain.<br>  Quando chegaram à vila, uma leve surpresa tomou conta do feérico, sensação essa que não passou despercebida pela sua “nova” parceira.<br>  <em>“Aqui em Shinrin nós vivemos em plena harmonia com os humanos”</em> murmurou a raposa sem olhar para ele. <em>“Nós, kitsunes, os mantemos a salvo de ataques mágicos e eles nos auxiliam com suas tecnologias estranhas”</em>.<br>  Lucien nunca tinha ouvido falar sobre aquele tipo de convivência humana-feérica no Continente. Em Prythian, definitivamente, aquilo não era algo alcançável, pelo menos não naquele instante. Os humanos de sua terra temiam terrivelmente o poder dos feéricos e os feéricos enxergavam a maioria dos humanos como desinteressantes e inferiores.<br>  <em>E quanto às outras espécies de criaturas?</em> O feérico queria perguntar, mas ainda não sabia ao certo o que deveria fazer para alcançar a mente de sua guia em Shinrin.<br>  Lucien ouviu o riso característico da mulher-raposa e seus olhos automaticamente se voltaram para ela.<br>  <em>“Somos mais ou menos como vocês em Prythian. Somos divididos em alguns territórios, cortes, se preferir, e convivemos em harmonia tanto quanto possível.”</em> A resposta veio mesmo sem ter havido uma pergunta propriamente.<br>  Os humanos daquela vila pareciam tranquilos em relação aos seres místicos que andavam livremente entre eles. A maioria dos <em>kitsunes</em> caminhavam em suas formas <em>quase</em> humanas.<br>  <em>“Somos vaidosas, Lucien Vanserra de Prythian. Muitas de nós, quando estamos com humanos, preferimos deixar alguma coisa de nossas raposas a mostra.”</em><br>  Na multidão de humanos e <em>kitsunes</em>, os seres místicos só se destacavam porque deixavam a mostra suas orelhas triangulares acima da cabeça ou suas caudas exuberantes, fora aquilo, poderiam ser confundidos tranquilamente com qualquer humano comum.<br>  Enquanto passavam pela vila, as pessoas iam abrindo caminho para a majestosa raposa branca que liderava o caminho, muitos dos moradores do lugar faziam pequenas mesuras na direção da princesa que parecia retribuir os cumprimentos com a cabeça. Quanto a Lucien, os seres — humanos e raposas — também o cumprimentavam, mas permaneciam com o olhar curioso seguindo-o a todo momento, não pareciam hostis, no entanto.<br>  O feérico se questionou por que a princesa havia optado por sua forma de raposa e não humana como todos os outros&#8230;<br>  <em>“Me sinto mais confortável assim”</em> explicou a princesa <em>kistune</em> de forma simples. <em>“E também gosto de lembrar, tanto a humanos quanto aos meus, o que sou.”</em><br>  Lucien assentiu, podia entender em partes o raciocínio da soberana de Shinrin. Ela não queria ser vista como uma ameaça, mas ao mesmo tempo não podia permitir que esquecessem <em>o que</em> ela era.<br>  <em>“Se conseguirem me respeitar, principalmente os humanos, em minha forma de raposa, certamente conseguirão lidar com minha forma humana”</em> %Nami% murmurou mais uma vez. Vanserra tinha suas dúvidas quanto a isso, mas aquele lugar era desconhecido para ele, não tinha muito ao que se agarrar para contestar, a não ser suas próprias experiências do outro lado do oceano.<br>  Ao chegarem a um certo ponto do vilarejo, %Nami% voltou a se transformar em sua forma humana, diferente dos outros, não havia sinal de orelhas pontudas ou caudas, talvez a única coisa que a denunciasse fossem os olhos que, da mesma forma que sua raposa, brilhavam num tom leve de roxo.<br>  — Bem-vindo ao meu reino, Lucien Vanserra.</p>
