{"id":1884,"date":"2024-08-22T10:52:46","date_gmt":"2024-08-22T13:52:46","guid":{"rendered":"https:\/\/espacocriativo.net\/acervo\/historia\/historia-sem-nome\/rascunho-automatico\/"},"modified":"2025-11-14T18:05:24","modified_gmt":"2025-11-14T21:05:24","slug":"unico","status":"publish","type":"capitular","link":"https:\/\/espacocriativo.net\/acervo\/historia\/fortuna-e-mudancas\/unico\/","title":{"rendered":"Cap\u00edtulo \u00fanico"},"content":{"rendered":"\r\n<p><span class=\"capitular1\">V<\/span>azio. Foi aquilo que %Prima% sentiu quando foi jogada para fora do Caldeir\u00e3o.<br>\u2003\u2003Ela n\u00e3o sabia o que tinha acontecido, s\u00f3 sabia que, mesmo depois de sair do artefato m\u00e1gico, ela ainda podia se sentir nele, e parecia que todas as emo\u00e7\u00f5es, sentimentos e sensa\u00e7\u00f5es haviam ficado dentro dele.<br>\u2003\u2003%Primrose% Feirenhaar era apenas uma casca, posta sentada diante de uma grande janela para tomar sol durante o dia, deitada e perfeitamente aquecida sob as cobertas durante a noite. Os grandes olhos castanhos haviam perdido o brilho e parecia que n\u00e3o havia mais nada ali para comandar aquela casca. Mas bem l\u00e1 no fundo, em algum lugar daquele corpo \u2014 ou talvez ainda dentro do Caldeir\u00e3o \u2014, uma %Prima% se contorcia para se libertar.<br>\u2003\u2003A %Primrose% desaparecida via a vida passar como num filme. Talvez ela estivesse morta apesar de n\u00e3o <em>se sentir<\/em> morta. Depois de algum tempo \u2014 e ningu\u00e9m saberia dizer <em>quanto<\/em> \u2014, %Prima% se lembrou de quando adentrou a floresta dos fe\u00e9ricos pela primeira vez. Havia sido quando ainda era uma crian\u00e7a e havia se encantado pelos seres que ali habitavam, mas que n\u00e3o necessariamente faziam parte do grupo de fe\u00e9ricos que se pareciam com humanos&#8230;<br>\u2003\u2003Tamb\u00e9m se lembrou da sua \u00faltima vez. E do encontro com Lucien, o charmoso, por\u00e9m triste, gr\u00e3o-fe\u00e9rico que aceitou se tornar uma companhia durante aquela sua viagem de explora\u00e7\u00e3o. No come\u00e7o ele parecia mal-humorado, mas conforme o tempo foi passando e o fe\u00e9rico foi se acostumando \u00e0 companhia da humana, Lucien pareceu ficar mais \u00e0 vontade na presen\u00e7a dela.<br>\u2003\u2003Foi em um dia qualquer que %Primrose% caiu no que os antigos fe\u00e9ricos chamavam de \u201carmadilha para humanos\u201d, tudo e qualquer coisa que pudesse dificultar a sobreviv\u00eancia humana podia ser encontrada ali. %Prima% n\u00e3o sabia o que havia acontecido durante o per\u00edodo em que os venenos trabalhavam em seu organismo, tentando evitar que ela continuasse viva, s\u00f3 se lembrava de quando sua consci\u00eancia havia voltado e a sensa\u00e7\u00e3o gelada de algo que ela n\u00e3o conseguia identificar, tomou conta de todo o seu ser.<br>\u2003\u2003Pelas mem\u00f3rias que passavam \u00e0 sua frente, n\u00e3o havia passado mais do que alguns segundos desde que seu corpo havia sido colocado dentro do Caldeir\u00e3o e depois devolvido, mas a impress\u00e3o que a mo\u00e7a tivera era que havia passado <em>horas<\/em> ali. O conte\u00fado do Caldeir\u00e3o foi se tornando espesso e cada vez mais escuro ao seu redor antes de come\u00e7ar a aquecer at\u00e9 parecer escaldante demais para aguentar. E ent\u00e3o, o vazio.<br>\u2003\u2003Todas as vezes as mem\u00f3rias paravam ali e o vazio voltava, at\u00e9 que o ciclo recome\u00e7asse. Demorou algum tempo at\u00e9 %Prima% conseguir sair do loop e se agarrar \u00e0s lembran\u00e7as que a faziam <em>sentir<\/em> algo. Quando come\u00e7ou a ficar mais consciente de si mesma, teve a impress\u00e3o de que parte do conte\u00fado do Caldeir\u00e3o que havia ficado nela se desprendeu. A primeira emo\u00e7\u00e3o que sentiu foi a raiva. Raiva por n\u00e3o ser mais a mesma de antes, raiva por n\u00e3o ter podido escolher, raiva pelos fe\u00e9ricos mesquinhos que haviam colocado aquela armadilha para humanos na floresta fe\u00e9rica&#8230;<br>\u2003\u2003&#8230; E ent\u00e3o foi a vez da tristeza. Ela teria alguma chance de ver sua fam\u00edlia outra vez? Poderia %Primrose% Feirenhaar realizar seus sonhos mesmo que parte de seu ser tivesse mudado? Com aquela tristeza veio o medo e logo depois dele, a ansiedade que come\u00e7ou a construir todo o tipo de cen\u00e1rios terr\u00edveis sobre o futuro.<br>\u2003\u2003E ent\u00e3o a raiva voltou novamente. <em>Onde estava a alegria?<\/em><br>\u2003\u2003%Prima% olhou ao redor do nada escuro e pegajoso que a envolvia. Viu um feixe de luz logo \u00e0 sua frente, mas quando tentava esticar a m\u00e3o para alcan\u00e7a-lo, o nada \u2014 de sua mente ou de parte do Caldeir\u00e3o que havia se juntado a ela \u2014 se enrijecia a impedindo.<br>\u2003\u2003De certa forma, %Prima% sentiu as emo\u00e7\u00f5es come\u00e7arem a se misturar em um pequeno turbilh\u00e3o em algum lugar dentro de si, um turbilh\u00e3o que foi aumentando cada vez mais, at\u00e9 ser imposs\u00edvel segurar.<br>\u2003\u2003%Primrose% Feirenhaar nunca imaginou que uma explos\u00e3o de sentimentos que usualmente eram tidos como negativos, pudesse dar origem a uma luz t\u00e3o intensa e colorida como havia acontecido \u2014 no Caldeir\u00e3o? Em sua mente? Na imagina\u00e7\u00e3o? \u2014 naquele instante. Aquela explos\u00e3o fez todo o nada pegajoso desaparecer por completo, e ent\u00e3o, finalmente ela p\u00f4de alcan\u00e7ar a alegria&#8230;<br>\u2003\u2003Quando abriu os olhos novamente, ela se encontrava sentada de frente para uma grande janela e ao olhar ao redor, percebeu que o lugar estava rodeado de prateleiras com livros. Ela n\u00e3o reconhecia o ambiente, mas de alguma forma ela sabia que n\u00e3o precisava temer. Poucos instantes depois de \u201cdespertar\u201d, %Prima% recebeu a visita do que provavelmente eram os donos de onde estivera hospedada todo aquele tempo.<br>\u2003\u2003Depois de ser questionada e explicar tudo o que podia ao gr\u00e3o-senhor e gr\u00e3-senhora do lugar, ela foi deixada sozinha, mas n\u00e3o por muito tempo. Minutos depois da sa\u00edda do casal, a nova audi\u00e7\u00e3o agu\u00e7ada de %Prima% conseguiu captar um barulho ritmado e de certa forma familiar do outro lado da porta fechada. Ela tamb\u00e9m p\u00f4de sentir um cheiro que lhe trazia a sensa\u00e7\u00e3o de aconchego e acolhimento.<br>\u2003\u2003Seu cora\u00e7\u00e3o deu uma trope\u00e7ada quando finalmente conseguiu entender o que ou <em>quem<\/em> estava escondido atr\u00e1s das grossas portas daquela biblioteca. As pernas de %Prima% pareceram trabalhar sozinhas, mesmo ainda um pouco fracas, e logo ela se viu girando a ma\u00e7aneta e abrindo a porta, euf\u00f3rica. O sorriso ao ver Lucien Vanserra parado \u00e0 sua frente foi inevit\u00e1vel.<\/p>\r\n<div class=\"nota\">\r\n<h3 style=\"text-align: center;\">Fim<\/h3>\r\n<\/div>\r\n","protected":false},"excerpt":{"rendered":"<p>Fim<\/p>\n","protected":false},"author":1,"featured_media":0,"parent":0,"comment_status":"open","ping_status":"closed","template":"","format":"standard","meta":{"_acf_changed":true,"_monsterinsights_skip_tracking":false,"_monsterinsights_sitenote_active":false,"_monsterinsights_sitenote_note":"","_monsterinsights_sitenote_category":0,"ngg_post_thumbnail":0},"historias":[688],"class_list":["post-1884","capitular","type-capitular","status-publish","format-standard","hentry","historias-fortuna-e-mudancas"],"acf":[],"_links":{"self":[{"href":"https:\/\/espacocriativo.net\/acervo\/wp-json\/wp\/v2\/capitular\/1884","targetHints":{"allow":["GET"]}}],"collection":[{"href":"https:\/\/espacocriativo.net\/acervo\/wp-json\/wp\/v2\/capitular"}],"about":[{"href":"https:\/\/espacocriativo.net\/acervo\/wp-json\/wp\/v2\/types\/capitular"}],"author":[{"embeddable":true,"href":"https:\/\/espacocriativo.net\/acervo\/wp-json\/wp\/v2\/users\/1"}],"replies":[{"embeddable":true,"href":"https:\/\/espacocriativo.net\/acervo\/wp-json\/wp\/v2\/comments?post=1884"}],"wp:attachment":[{"href":"https:\/\/espacocriativo.net\/acervo\/wp-json\/wp\/v2\/media?parent=1884"}],"wp:term":[{"taxonomy":"historias","embeddable":true,"href":"https:\/\/espacocriativo.net\/acervo\/wp-json\/wp\/v2\/historias?post=1884"}],"curies":[{"name":"wp","href":"https:\/\/api.w.org\/{rel}","templated":true}]}}

Capítulo único

<p><span class="capitular1">V</span>azio. Foi aquilo que %Prima% sentiu quando foi jogada para fora do Caldeirão.<br>  Ela não sabia o que tinha acontecido, só sabia que, mesmo depois de sair do artefato mágico, ela ainda podia se sentir nele, e parecia que todas as emoções, sentimentos e sensações haviam ficado dentro dele.<br>  %Primrose% Feirenhaar era apenas uma casca, posta sentada diante de uma grande janela para tomar sol durante o dia, deitada e perfeitamente aquecida sob as cobertas durante a noite. Os grandes olhos castanhos haviam perdido o brilho e parecia que não havia mais nada ali para comandar aquela casca. Mas bem lá no fundo, em algum lugar daquele corpo — ou talvez ainda dentro do Caldeirão —, uma %Prima% se contorcia para se libertar.<br>  A %Primrose% desaparecida via a vida passar como num filme. Talvez ela estivesse morta apesar de não <em>se sentir</em> morta. Depois de algum tempo — e ninguém saberia dizer <em>quanto</em> —, %Prima% se lembrou de quando adentrou a floresta dos feéricos pela primeira vez. Havia sido quando ainda era uma criança e havia se encantado pelos seres que ali habitavam, mas que não necessariamente faziam parte do grupo de feéricos que se pareciam com humanos&#8230;<br>  Também se lembrou da sua última vez. E do encontro com Lucien, o charmoso, porém triste, grão-feérico que aceitou se tornar uma companhia durante aquela sua viagem de exploração. No começo ele parecia mal-humorado, mas conforme o tempo foi passando e o feérico foi se acostumando à companhia da humana, Lucien pareceu ficar mais à vontade na presença dela.<br>  Foi em um dia qualquer que %Primrose% caiu no que os antigos feéricos chamavam de “armadilha para humanos”, tudo e qualquer coisa que pudesse dificultar a sobrevivência humana podia ser encontrada ali. %Prima% não sabia o que havia acontecido durante o período em que os venenos trabalhavam em seu organismo, tentando evitar que ela continuasse viva, só se lembrava de quando sua consciência havia voltado e a sensação gelada de algo que ela não conseguia identificar, tomou conta de todo o seu ser.<br>  Pelas memórias que passavam à sua frente, não havia passado mais do que alguns segundos desde que seu corpo havia sido colocado dentro do Caldeirão e depois devolvido, mas a impressão que a moça tivera era que havia passado <em>horas</em> ali. O conteúdo do Caldeirão foi se tornando espesso e cada vez mais escuro ao seu redor antes de começar a aquecer até parecer escaldante demais para aguentar. E então, o vazio.<br>  Todas as vezes as memórias paravam ali e o vazio voltava, até que o ciclo recomeçasse. Demorou algum tempo até %Prima% conseguir sair do loop e se agarrar às lembranças que a faziam <em>sentir</em> algo. Quando começou a ficar mais consciente de si mesma, teve a impressão de que parte do conteúdo do Caldeirão que havia ficado nela se desprendeu. A primeira emoção que sentiu foi a raiva. Raiva por não ser mais a mesma de antes, raiva por não ter podido escolher, raiva pelos feéricos mesquinhos que haviam colocado aquela armadilha para humanos na floresta feérica&#8230;<br>  &#8230; E então foi a vez da tristeza. Ela teria alguma chance de ver sua família outra vez? Poderia %Primrose% Feirenhaar realizar seus sonhos mesmo que parte de seu ser tivesse mudado? Com aquela tristeza veio o medo e logo depois dele, a ansiedade que começou a construir todo o tipo de cenários terríveis sobre o futuro.<br>  E então a raiva voltou novamente. <em>Onde estava a alegria?</em><br>  %Prima% olhou ao redor do nada escuro e pegajoso que a envolvia. Viu um feixe de luz logo à sua frente, mas quando tentava esticar a mão para alcança-lo, o nada — de sua mente ou de parte do Caldeirão que havia se juntado a ela — se enrijecia a impedindo.<br>  De certa forma, %Prima% sentiu as emoções começarem a se misturar em um pequeno turbilhão em algum lugar dentro de si, um turbilhão que foi aumentando cada vez mais, até ser impossível segurar.<br>  %Primrose% Feirenhaar nunca imaginou que uma explosão de sentimentos que usualmente eram tidos como negativos, pudesse dar origem a uma luz tão intensa e colorida como havia acontecido — no Caldeirão? Em sua mente? Na imaginação? — naquele instante. Aquela explosão fez todo o nada pegajoso desaparecer por completo, e então, finalmente ela pôde alcançar a alegria&#8230;<br>  Quando abriu os olhos novamente, ela se encontrava sentada de frente para uma grande janela e ao olhar ao redor, percebeu que o lugar estava rodeado de prateleiras com livros. Ela não reconhecia o ambiente, mas de alguma forma ela sabia que não precisava temer. Poucos instantes depois de “despertar”, %Prima% recebeu a visita do que provavelmente eram os donos de onde estivera hospedada todo aquele tempo.<br>  Depois de ser questionada e explicar tudo o que podia ao grão-senhor e grã-senhora do lugar, ela foi deixada sozinha, mas não por muito tempo. Minutos depois da saída do casal, a nova audição aguçada de %Prima% conseguiu captar um barulho ritmado e de certa forma familiar do outro lado da porta fechada. Ela também pôde sentir um cheiro que lhe trazia a sensação de aconchego e acolhimento.<br>  Seu coração deu uma tropeçada quando finalmente conseguiu entender o que ou <em>quem</em> estava escondido atrás das grossas portas daquela biblioteca. As pernas de %Prima% pareceram trabalhar sozinhas, mesmo ainda um pouco fracas, e logo ela se viu girando a maçaneta e abrindo a porta, eufórica. O sorriso ao ver Lucien Vanserra parado à sua frente foi inevitável.</p>
<div class="nota">
<h3 style="text-align: center;">Fim</h3>
</div>
